{"id":173,"date":"2019-10-26T20:36:11","date_gmt":"2019-10-26T20:36:11","guid":{"rendered":"https:\/\/demo.themecentury.com\/wpplugins\/hamroclass-pro\/?page_id=173"},"modified":"2024-12-10T14:07:26","modified_gmt":"2024-12-10T14:07:26","slug":"uogj","status":"publish","type":"page","link":"http:\/\/uogj.edu.al\/old\/uogj\/","title":{"rendered":"UOGJ"},"content":{"rendered":"\n<div class=\"wp-block-group is-nowrap is-layout-flex wp-container-core-group-is-layout-1 wp-block-group-is-layout-flex\">\n<p class=\"has-medium-font-size\">Momentet m\u00eb t\u00eb bukura t\u00eb Diplomimit 2024. Emocione t\u00eb pap\u00ebrshkrueshme n\u00eb nj\u00eb sall\u00eb t\u00eb mbushur plot fytyra t\u00eb qeshura, entuziaz\u00ebm dhe krenari.<\/p>\n<\/div>\n\n\n\n<p class=\"has-medium-font-size\">Miresevini  ne eventin e diplomimit, beni share postimin p\u00ebr t&#8217;ua treguar miqve dhe familjar\u00ebve.<\/p>\n\n\n\n<figure class=\"wp-block-image size-large\"><img decoding=\"async\" src=\"http:\/\/uogj.edu.al\/upload\/fotogaleri\/diplomimi%20%202024.jpg\"\/><\/figure>\n\n\n\n<Br>\n\n\n\n<figure class=\"wp-block-gallery has-nested-images columns-default is-cropped wp-block-gallery-1 is-layout-flex wp-block-gallery-is-layout-flex\">\n<figure class=\"wp-block-image size-large\"><img decoding=\"async\" src=\"http:\/\/uogj.edu.al\/upload\/fotogaleri\/diplomimi%20%201mirela%202024.jpg\"\/><\/figure>\n<\/figure>\n","protected":false},"excerpt":{"rendered":"<p>Momentet m\u00eb t\u00eb bukura t\u00eb Diplomimit 2024. Emocione t\u00eb pap\u00ebrshkrueshme n\u00eb nj\u00eb sall\u00eb t\u00eb mbushur plot fytyra t\u00eb qeshura, entuziaz\u00ebm [&hellip;]<\/p>\n","protected":false},"author":1,"featured_media":0,"parent":0,"menu_order":0,"comment_status":"closed","ping_status":"closed","template":"","meta":{"_monsterinsights_skip_tracking":false,"_monsterinsights_sitenote_active":false,"_monsterinsights_sitenote_note":"","_monsterinsights_sitenote_category":0,"footnotes":""},"class_list":["post-173","page","type-page","status-publish","hentry"],"_links":{"self":[{"href":"http:\/\/uogj.edu.al\/old\/wp-json\/wp\/v2\/pages\/173"}],"collection":[{"href":"http:\/\/uogj.edu.al\/old\/wp-json\/wp\/v2\/pages"}],"about":[{"href":"http:\/\/uogj.edu.al\/old\/wp-json\/wp\/v2\/types\/page"}],"author":[{"embeddable":true,"href":"http:\/\/uogj.edu.al\/old\/wp-json\/wp\/v2\/users\/1"}],"replies":[{"embeddable":true,"href":"http:\/\/uogj.edu.al\/old\/wp-json\/wp\/v2\/comments?post=173"}],"version-history":[{"count":13,"href":"http:\/\/uogj.edu.al\/old\/wp-json\/wp\/v2\/pages\/173\/revisions"}],"predecessor-version":[{"id":6747,"href":"http:\/\/uogj.edu.al\/old\/wp-json\/wp\/v2\/pages\/173\/revisions\/6747"}],"wp:attachment":[{"href":"http:\/\/uogj.edu.al\/old\/wp-json\/wp\/v2\/media?parent=173"}],"curies":[{"name":"wp","href":"https:\/\/api.w.org\/{rel}","templated":true}]}}