{"id":2906,"date":"2021-03-29T14:40:11","date_gmt":"2021-03-29T14:40:11","guid":{"rendered":"http:\/\/localhost:8080\/wordpress\/?page_id=2906"},"modified":"2023-05-05T08:25:18","modified_gmt":"2023-05-05T08:25:18","slug":"kiz-2","status":"publish","type":"page","link":"http:\/\/uogj.edu.al\/old\/kiz-2\/","title":{"rendered":"Komisioni Institucional i Zgjedhjeve"},"content":{"rendered":"\n<p>&nbsp;<\/p>\n\n\n\n<p>ishte Administrata<\/p>\n\n\n\n<ul class=\"wp-block-list\">\n<li><strong>DREJTORIA E SH\u00cbRBIMEVE UNIVERSITARE<\/strong><\/li>\n<\/ul>\n\n\n\n<div class=\"wp-block-columns is-layout-flex wp-container-core-columns-is-layout-1 wp-block-columns-is-layout-flex\">\n<div class=\"wp-block-column is-layout-flow wp-block-column-is-layout-flow\">\n<p>Drejtore e sh\u00ebrbimeve universitare:<\/p>\n\n\n\n<p>&nbsp;<\/p>\n\n\n\n<p>Specialist\/Arkitekt<\/p>\n<\/div>\n\n\n\n<div class=\"wp-block-column is-layout-flow wp-block-column-is-layout-flow\">\n<p>Marianthi&nbsp;Xha \/ tel. i brendshem 202<\/p>\n\n\n\n<p><strong>e-mail:<\/strong> <a style=\"text-decoration: underline;\" href=\"mailto:mxha@uogj.edu.al\">mxha@uogj.edu.al<\/a><\/p>\n\n\n\n<p>Filip \u00c7ami<\/p>\n<\/div>\n<\/div>\n\n\n\n<ul class=\"wp-block-list\">\n<li><strong>SEKTORI I FINANC\u00cb PROKURIMEVE<\/strong><\/li>\n<\/ul>\n\n\n\n<div class=\"wp-block-columns is-layout-flex wp-container-core-columns-is-layout-2 wp-block-columns-is-layout-flex\">\n<div class=\"wp-block-column is-layout-flow wp-block-column-is-layout-flow\">\n<p>P\u00ebrgjegj\u00ebs i Sektorit Financ\u00eb- Prokurime:<\/p>\n\n\n\n<p>&nbsp;<\/p>\n\n\n\n<p>Spec. Sektorin e Prokurimeve<\/p>\n\n\n\n<p>&nbsp;<\/p>\n\n\n\n<p>P\u00ebrgjegjse e Zyr\u00ebs s\u00eb&nbsp;Financ\u00ebs:<\/p>\n\n\n\n<p>&nbsp;<\/p>\n\n\n\n<p>Specialiste Finance:&nbsp;<\/p>\n\n\n\n<p>&nbsp;<\/p>\n\n\n\n<p>Llogaritar\u00eb&nbsp; ( Ark\u00ebtare ):&nbsp;<\/p>\n<\/div>\n\n\n\n<div class=\"wp-block-column is-layout-flow wp-block-column-is-layout-flow\">\n<p>Griselda Mema&nbsp;<\/p>\n\n\n\n<p><strong>e-mail:<\/strong> <a style=\"text-decoration: underline;\" href=\"mailto:gmema@uogj.edu.al\">gmema@uogj.edu.al<\/a><\/p>\n\n\n\n<p>Adelina Hoxha&nbsp;&nbsp; &nbsp; &nbsp; &nbsp; &nbsp; &nbsp; &nbsp; &nbsp; &nbsp; &nbsp; &nbsp;<\/p>\n\n\n\n<p><strong>e-mail:<\/strong> <a style=\"text-decoration: underline;\" href=\"mailto:ahoxha@uogj.edu.al\">ahoxha@uogj.edu.al<\/a><strong>&nbsp;&nbsp;<\/strong><\/p>\n\n\n\n<p>Parashqevi Kalanderi&nbsp; &nbsp; &nbsp; &nbsp;<\/p>\n\n\n\n<p><strong>e-mail:<\/strong> <a style=\"text-decoration: underline;\" href=\"mailto:pkalanderi@uogj.edu.al\">pkalanderi@uogj.edu.al<\/a><\/p>\n\n\n\n<p>Erjela Dhromaj&nbsp; &nbsp; &nbsp; &nbsp; &nbsp; &nbsp; &nbsp; &nbsp; &nbsp; &nbsp;&nbsp;&nbsp;<\/p>\n\n\n\n<p><strong>e-mail:<\/strong> <a style=\"text-decoration: underline;\" href=\"mailto:endreu@uogj.edu.al\">endreu@uogj.edu.al<\/a><\/p>\n\n\n\n<p>Fotini Shehu \/ tel. i brendshem 202<\/p>\n<\/div>\n<\/div>\n\n\n\n<ul class=\"wp-block-list\">\n<li><strong>DREJTORIA E SHERBIMEVE NDIHMES AKADEMIKE -ADMINISTRATIVE<\/strong><\/li>\n<\/ul>\n\n\n\n<div class=\"wp-block-columns is-layout-flex wp-container-core-columns-is-layout-3 wp-block-columns-is-layout-flex\">\n<div class=\"wp-block-column is-layout-flow wp-block-column-is-layout-flow\">\n<p>Drejtor Drejtorie:<\/p>\n<\/div>\n\n\n\n<div class=\"wp-block-column is-layout-flow wp-block-column-is-layout-flow\">\n<p>Violeta Serjani<\/p>\n\n\n\n<p><strong>e-mail:<\/strong> <a style=\"text-decoration: underline;\" href=\"mailto:vserjani@uogj.edu.al\">vserjani@uogj.edu.al<\/a> \/ tel. i brendshem&nbsp; 205<\/p>\n<\/div>\n<\/div>\n\n\n\n<ul class=\"wp-block-list\">\n<li><a rel=\"noreferrer noopener\" href=\"http:\/\/www.uogj.edu.al\/upload\/Rregullore%20per%20organizimin%20dhe%20funksionimin%20e%20DShNA%20-%20Adm.pdf\" target=\"_blank\">Rregullore per organizimin dhe funksionimin e DShNA \u2013 Administrative<\/a><\/li>\n<\/ul>\n\n\n\n<ul class=\"wp-block-list\">\n<li><strong>SEKTORI SHERBIMEVE JURIDIKE, PERSONELIT DHE SEKRETARI -PROTOKOLL<\/strong><\/li>\n<\/ul>\n\n\n\n<div class=\"wp-block-columns is-layout-flex wp-container-core-columns-is-layout-4 wp-block-columns-is-layout-flex\">\n<div class=\"wp-block-column is-layout-flow wp-block-column-is-layout-flow\">\n<p>Pergjegjes i sektorit dhe Jurist i Insitucionit:<\/p>\n\n\n\n<p>&nbsp;<\/p>\n\n\n\n<p>&nbsp;<\/p>\n\n\n\n<p>Specialist i Mardhenieve me Publikun:<\/p>\n\n\n\n<p>&nbsp;<\/p>\n\n\n\n<p>Specialist Statistike Informacionit ne Rektorat:<\/p>\n\n\n\n<p>&nbsp;<\/p>\n\n\n\n<p>Asistent Specialist i Rektorit dhe Sekretar i Senatit:<\/p>\n\n\n\n<p>&nbsp;<\/p>\n\n\n\n<p>Specialist i Protokollit n\u00eb Rektorat:<\/p>\n\n\n\n<p>&nbsp;<\/p>\n\n\n\n<p>Kryesekretar Mesimor i Institucionit:<\/p>\n<\/div>\n\n\n\n<div class=\"wp-block-column is-layout-flow wp-block-column-is-layout-flow\">\n<p>Borana Lelaj<\/p>\n\n\n\n<p><strong>e-mail:<\/strong> <a style=\"text-decoration: underline;\" href=\"mailto:blelaj@uogj.edu.al\">blelaj@uogj.edu.al<\/a><\/p>\n\n\n\n<p><strong>e-mail:<\/strong> <a style=\"text-decoration: underline;\" href=\"mailto:borana.lelaj@gmail.com\">borana.lelaj@gmail.com<\/a><\/p>\n\n\n\n<p>&nbsp;Brikena Metaj&nbsp; &nbsp; &nbsp; &nbsp;&nbsp; &nbsp; &nbsp; &nbsp; &nbsp; &nbsp;&nbsp;<\/p>\n\n\n\n<p><strong>e-mail:<\/strong> <a style=\"text-decoration: underline;\" href=\"mailto:bmetaj@uogj.edu.al\">bmetaj@uogj.edu.al<\/a><\/p>\n\n\n\n<p>Lidra Mico&nbsp; &nbsp; &nbsp;&nbsp;&nbsp;&nbsp;&nbsp; &nbsp;&nbsp; &nbsp; &nbsp; &nbsp; &nbsp; &nbsp; &nbsp;<\/p>\n\n\n\n<p><strong>e-mail:<\/strong> <a style=\"text-decoration: underline;\" href=\"mailto:lmico@uogj.edu.al\">lmico@uogj.edu.al<\/a><\/p>\n\n\n\n<p>Briseda Kamemaj&nbsp; &nbsp;&nbsp; &nbsp; &nbsp;&nbsp;<\/p>\n\n\n\n<p><strong>e-mail:<\/strong> <a style=\"text-decoration: underline;\" href=\"mailto:bkamemaj@uogj.edu.al\">bkamemaj@uogj.edu.al<\/a><\/p>\n\n\n\n<p>Kaltrina Meleqi&nbsp; &nbsp; &nbsp; &nbsp; &nbsp; &nbsp; &nbsp;&nbsp;<\/p>\n\n\n\n<p><strong>e-mail:<\/strong> <a style=\"text-decoration: underline;\" href=\"mailto:kmeleqi@uogj.edu.al\">kmeleqi@uogj.edu.al<\/a><\/p>\n\n\n\n<p>Vladimir Belaj&nbsp; &nbsp; &nbsp; &nbsp; &nbsp; &nbsp;&nbsp;&nbsp; &nbsp;&nbsp; &nbsp;<\/p>\n\n\n\n<p><strong>e-mail:<\/strong> <a style=\"text-decoration: underline;\" href=\"mailto:vbelaj@uogj.edu.al\">vbelaj@uogj.edu.al<\/a><\/p>\n<\/div>\n<\/div>\n\n\n\n<ul class=\"wp-block-list\">\n<li><strong>SEKTORI I KERKIMIT SHKENCOR DHE MAR\u00cbDHENIEVE ME JASHT\u00cb<\/strong><\/li>\n<\/ul>\n\n\n\n<div class=\"wp-block-columns is-layout-flex wp-container-core-columns-is-layout-5 wp-block-columns-is-layout-flex\">\n<div class=\"wp-block-column is-layout-flow wp-block-column-is-layout-flow\">\n<p>Specialist i protokollit per Mar\u00ebdheniet me Jashte:<\/p>\n\n\n\n<p>&nbsp;<\/p>\n\n\n\n<p>Specialiste p\u00ebr projektet<\/p>\n\n\n\n<p><\/p>\n\n\n\n<p> \u2013 <\/p>\n\n\n\n<p>Specialist per menaxhimin e veprimtarise kerkimore \u2013 shkencore:<\/p>\n\n\n\n<p>&nbsp;<\/p>\n<\/div>\n\n\n\n<div class=\"wp-block-column is-layout-flow wp-block-column-is-layout-flow\">\n<p>Evionda Skendi&nbsp; &nbsp; &nbsp; &nbsp; &nbsp; &nbsp; &nbsp;<\/p>\n\n\n\n<p><strong>e-mail:&nbsp;<\/strong><a style=\"text-decoration: underline;\" href=\"mailto:eskendi@uogj.edu.al\">eskendi@uogj.edu.al<\/a><\/p>\n\n\n\n<p>Irma Gjolleshi<\/p>\n\n\n\n<p><strong>e-mail:<\/strong> igjolleshi@uogj.edu.al<\/p>\n\n\n\n<p><\/p>\n\n\n\n<p>Marjeta Fule&nbsp; &nbsp; &nbsp; &nbsp; &nbsp; &nbsp; &nbsp; &nbsp; &nbsp; &nbsp; &nbsp; &nbsp; &nbsp;<\/p>\n\n\n\n<p><strong>e-mail:<\/strong> <a style=\"text-decoration: underline;\" href=\"mailto:mfule@uogj.edu.al\">mfule@uogj.edu.al<\/a><\/p>\n<\/div>\n<\/div>\n\n\n\n<ul class=\"wp-block-list\">\n<li><strong>SEKTORI I SHERBIMEVE BIBLIOTEKARE, ARKIVORE DHE STUDENTORE<\/strong><\/li>\n<\/ul>\n\n\n\n<div class=\"wp-block-columns is-layout-flex wp-container-core-columns-is-layout-6 wp-block-columns-is-layout-flex\">\n<div class=\"wp-block-column is-layout-flow wp-block-column-is-layout-flow\">\n<p>Pergjegjes &nbsp;Sektori:<\/p>\n\n\n\n<p>&nbsp;<\/p>\n\n\n\n<p>Specialist Alumni, Keshillimit te Karrieres dhe Formimit te Vazhduar:<\/p>\n<\/div>\n\n\n\n<div class=\"wp-block-column is-layout-flow wp-block-column-is-layout-flow\">\n<p>Ornela Mera&nbsp; &nbsp; &nbsp; &nbsp; &nbsp;<\/p>\n\n\n\n<p><strong>e-mail:<\/strong> <a style=\"text-decoration: underline;\" href=\"mailto:omera@uogj.edu.al\">omera@uogj.edu.al<\/a><\/p>\n\n\n\n<p>Florinda Bano&nbsp;&nbsp;&nbsp;&nbsp;&nbsp;&nbsp;&nbsp;&nbsp;&nbsp;&nbsp;&nbsp;&nbsp;&nbsp;<\/p>\n\n\n\n<p><strong>e-mail:<\/strong> <a style=\"text-decoration: underline;\" href=\"mailto:fbano@uogj.edu.al\">fbano@uogj.edu.al<\/a><\/p>\n<\/div>\n<\/div>\n\n\n\n<div class=\"wp-block-columns is-layout-flex wp-container-core-columns-is-layout-7 wp-block-columns-is-layout-flex\">\n<div class=\"wp-block-column is-layout-flow wp-block-column-is-layout-flow\">\n<p>Krye Bibliotekar:<\/p>\n\n\n\n<p>&nbsp;<\/p>\n\n\n\n<p>Specialist&nbsp; \u2013 Klasifikator:<\/p>\n\n\n\n<p>&nbsp;<\/p>\n\n\n\n<p>Bibliotekar:<\/p>\n\n\n\n<p>&nbsp;<\/p>\n\n\n\n<p>Specialist Arkivi&nbsp;<\/p>\n<\/div>\n\n\n\n<div class=\"wp-block-column is-layout-flow wp-block-column-is-layout-flow\">\n<p>&nbsp;Irena Dine&nbsp;&nbsp;&nbsp;&nbsp;&nbsp;&nbsp;&nbsp;&nbsp;&nbsp;&nbsp;&nbsp;&nbsp;&nbsp;&nbsp; &nbsp;&nbsp;&nbsp;&nbsp;&nbsp;&nbsp;&nbsp;&nbsp;<\/p>\n\n\n\n<p><strong>e-mail:<\/strong> <a style=\"text-decoration: underline;\" href=\"mailto:idine@uogj.edu.al\">idine@uogj.edu.al<\/a><\/p>\n\n\n\n<p>Pandeli Kosta&nbsp;&nbsp;&nbsp;&nbsp;&nbsp;&nbsp;&nbsp;&nbsp; &nbsp;&nbsp;&nbsp;&nbsp;<\/p>\n\n\n\n<p><strong>e-mail:<\/strong> <a style=\"text-decoration: underline;\" href=\"mailto:pkosta@uogj.edu.al\">pkosta@uogj.edu.al<\/a><\/p>\n\n\n\n<p>Erjona Frengu&nbsp; &nbsp; &nbsp; &nbsp; &nbsp; &nbsp; &nbsp;&nbsp;<\/p>\n\n\n\n<p><strong>e-mail<\/strong>: <a style=\"text-decoration: underline;\" href=\"mailto:efrengu@uogj.edu.al\">efrengu@uogj.edu.al<\/a><\/p>\n\n\n\n<p>Martin Zeko&nbsp; &nbsp; &nbsp; &nbsp; &nbsp; &nbsp; &nbsp;&nbsp; &nbsp;&nbsp; &nbsp;<\/p>\n\n\n\n<p><strong>e-mail:<\/strong> <a style=\"text-decoration: underline;\" href=\"mailto:mzeko@uogj.edu.al\">mzeko@uogj.edu.al<\/a><\/p>\n<\/div>\n<\/div>\n\n\n\n<ul class=\"wp-block-list\">\n<li><strong>SHERBIMET BIBLIOTEKARE DHE ARKIVORE<\/strong><\/li>\n<\/ul>\n\n\n\n<p>Aksesi online ne ULIBRARY do t\u00eb mund\u00ebsohet me emailin q\u00eb p\u00ebrdorni n\u00eb universitetetin tuaj duke aksesuar<strong>&nbsp;<a style=\"text-decoration: underline;\" rel=\"noopener\" href=\"https:\/\/ulibrary.rash.al\/\" target=\"_blank\">k\u00ebt\u00eb link&nbsp;<\/a><\/strong>.<\/p>\n\n\n\n<p>Aksesi online ne Biblioteka virtuale do t\u00eb mund\u00ebsohet me emailin q\u00eb p\u00ebrdorni n\u00eb universitetetin tuaj duke aksesuar<strong>&nbsp;<\/strong><a rel=\"noreferrer noopener\" href=\"https:\/\/plus.al.cobiss.net\/opac7\/bib\/search\" data-type=\"URL\" data-id=\"https:\/\/plus.al.cobiss.net\/opac7\/bib\/search\" target=\"_blank\"><strong>k\u00ebt\u00eb link&nbsp;<\/strong>.<\/a><\/p>\n\n\n\n<p><strong><a href=\"http:\/\/www.uogj.edu.al\/old\/upload\/Biblioteka-Manual%20p%C3%ABrdorimi.pdf\" data-type=\"URL\" data-id=\"http:\/\/www.uogj.edu.al\/old\/upload\/Biblioteka-Manual%20p%C3%ABrdorimi.pdf\" target=\"_blank\" rel=\"noreferrer noopener\">Biblioteka-Manual p\u00ebrdorimi<\/a><\/strong><\/p>\n\n\n\n<ul class=\"wp-block-list\">\n<li><strong>SEKTORI I STANDARTEVE DHE KURRIKULAVE<\/strong><\/li>\n<\/ul>\n\n\n\n<div class=\"wp-block-columns is-layout-flex wp-container-core-columns-is-layout-8 wp-block-columns-is-layout-flex\">\n<div class=\"wp-block-column is-layout-flow wp-block-column-is-layout-flow\">\n<p>Pergjegjes Sektori:<\/p>\n\n\n\n<p>&nbsp;<\/p>\n\n\n\n<ul class=\"wp-block-list\">\n<li><strong>TEKNOLOGJIA E INFORMACIONIT<\/strong>:<\/li>\n<\/ul>\n\n\n\n<p>Specialist i rrjetit informatik:<\/p>\n\n\n\n<p>&nbsp;<\/p>\n\n\n\n<p>Specialist i baz\u00ebs s\u00eb t\u00eb dh\u00ebnave:<\/p>\n<\/div>\n\n\n\n<div class=\"wp-block-column is-layout-flow wp-block-column-is-layout-flow\">\n<p>Klaviora Dudumi&nbsp; &nbsp; &nbsp; &nbsp; &nbsp; &nbsp; &nbsp;<\/p>\n\n\n\n<p><strong>e-mail:&nbsp;<\/strong><a style=\"text-decoration: underline;\" href=\"mailto:kdudumi@uogj.edu.al\">kdudumi@uogj.edu.al<\/a><\/p>\n\n\n\n<p><\/p>\n\n\n\n<p>Alban Kllapi&nbsp; &nbsp; &nbsp; &nbsp; &nbsp; &nbsp; &nbsp; &nbsp; &nbsp; &nbsp; &nbsp; &nbsp; &nbsp;<\/p>\n\n\n\n<p><strong>e-mail:<\/strong> <a style=\"text-decoration: underline;\" href=\"mailto:akllapi@uogj.edu.al\">akllapi@uogj.edu.al<\/a><\/p>\n\n\n\n<p>Dritan Miho \/ tel. i brendshem 219 &nbsp; &nbsp; &nbsp; &nbsp; &nbsp; &nbsp; &nbsp; &nbsp; &nbsp; &nbsp; &nbsp;<\/p>\n\n\n\n<p><strong>e-mail:<\/strong> <a style=\"text-decoration: underline;\" href=\"mailto:dmiho@uogj.edu.al\">dmiho@uogj.edu.al<\/a><\/p>\n<\/div>\n<\/div>\n\n\n\n<ul class=\"wp-block-list\">\n<li><strong>KURRIKULAT DHE SIGURIMI I BRENDSHEM I CILESIS<\/strong><\/li>\n<\/ul>\n\n\n\n<div class=\"wp-block-columns is-layout-flex wp-container-core-columns-is-layout-9 wp-block-columns-is-layout-flex\">\n<div class=\"wp-block-column is-layout-flow wp-block-column-is-layout-flow\">\n<p class=\"has-normal-font-size\">Specialist I standarteve te cilesise dhe vleresimit institucional&nbsp;:<\/p>\n\n\n\n<p>                                                  <\/p>\n<\/div>\n\n\n\n<div class=\"wp-block-column is-layout-flow wp-block-column-is-layout-flow\">\n<p>Enkeleda Hoxha&nbsp;&nbsp;<\/p>\n\n\n\n<p> <strong>e-mail:<\/strong> <a href=\"mailto:ehoxha@uogj.edu.al\"><u>ehoxha@uogj.edu.al<\/u><\/a><\/p>\n<\/div>\n<\/div>\n\n\n\n<div class=\"wp-block-columns is-layout-flex wp-container-core-columns-is-layout-10 wp-block-columns-is-layout-flex\">\n<div class=\"wp-block-column is-layout-flow wp-block-column-is-layout-flow\">\n<p>Specialist per mesimin dhe kurrikulat:<\/p>\n<\/div>\n\n\n\n<div class=\"wp-block-column is-layout-flow wp-block-column-is-layout-flow\">\n<p>Shpresa Cela<\/p>\n\n\n\n<p><strong>e-mail: <\/strong><a href=\"mailto:shcela@uogj.edu.al\"><u>shcela@uogj.edu.al<\/u><\/a><\/p>\n<\/div>\n<\/div>\n\n\n\n<ul class=\"wp-block-list\">\n<li><strong>SEKTORI I SH\u00cbRBIMEVE<\/strong><\/li>\n<\/ul>\n\n\n\n<div class=\"wp-block-columns is-layout-flex wp-container-core-columns-is-layout-11 wp-block-columns-is-layout-flex\">\n<div class=\"wp-block-column is-layout-flow wp-block-column-is-layout-flow\">\n<p>P\u00ebrgjegj\u00ebs&nbsp;&nbsp;i sektorit<\/p>\n\n\n\n<p>Shofer&nbsp; i titullarit&nbsp; &nbsp;<\/p>\n\n\n\n<p>Shofer n\u00eb institucion&nbsp;<\/p>\n\n\n\n<p>Mir\u00ebmbajt\u00ebs i p\u00ebrgjithsh\u00ebm<\/p>\n\n\n\n<p>Mir\u00ebmbajt\u00ebs lulishtar&nbsp;<\/p>\n\n\n\n<p>Magazin\u00eb-furnitor&nbsp; &nbsp;<\/p>\n\n\n\n<p>Elektri\u00e7ist-kaldaist &nbsp;<\/p>\n\n\n\n<p>Sportelist&nbsp; &nbsp;<\/p>\n\n\n\n<p>Sportelist&nbsp; &nbsp;<\/p>\n\n\n\n<p>Sportelist&nbsp; &nbsp;<\/p>\n\n\n\n<p>Sportelist&nbsp; &nbsp;<\/p>\n\n\n\n<p>Sportelist&nbsp; &nbsp;<\/p>\n\n\n\n<p>Sportelist&nbsp; &nbsp;<\/p>\n\n\n\n<p>Sportelist<\/p>\n\n\n\n<p>Sportelist<\/p>\n\n\n\n<p>Sanitare&nbsp; &nbsp;<\/p>\n\n\n\n<p>Sanitare&nbsp; &nbsp;<\/p>\n\n\n\n<p>Sanitare&nbsp; &nbsp;<\/p>\n\n\n\n<p>Sanitare&nbsp; &nbsp;<\/p>\n\n\n\n<p>Sanitare&nbsp; &nbsp;<\/p>\n\n\n\n<p>Sanitare&nbsp; &nbsp;<\/p>\n<\/div>\n\n\n\n<div class=\"wp-block-column is-layout-flow wp-block-column-is-layout-flow\">\n<p>Muhamet Sadikaj<\/p>\n\n\n\n<p>Adrian Shanaj<\/p>\n\n\n\n<p>Gentjan&nbsp;&nbsp;Neviri<\/p>\n\n\n\n<p>Kastriot Fino<\/p>\n\n\n\n<p>Muslli Kad\u00ebna<\/p>\n\n\n\n<p>Etleva Zogaj<\/p>\n\n\n\n<p>Renato Cakaj<\/p>\n\n\n\n<p>Nazmi zekaj<\/p>\n\n\n\n<p>Zagoll Nelaj<\/p>\n\n\n\n<p>Agron Gorici<\/p>\n\n\n\n<p>Gamuel Osmani<\/p>\n\n\n\n<p>Spartak Etemi<\/p>\n\n\n\n<p>Rabie Tefa<\/p>\n\n\n\n<p>Donika Ajazi<\/p>\n\n\n\n<p>Sonila Dalani<\/p>\n\n\n\n<p>Zyrafete Bani<\/p>\n\n\n\n<p>Parashqevi Islamaj<\/p>\n\n\n\n<p>Mjafte Sulozeqiaj<\/p>\n\n\n\n<p>Af\u00ebrdita Jaubelli<\/p>\n\n\n\n<p>Ermelinda Balloma<\/p>\n\n\n\n<p>Elisabeta Dame<\/p>\n<\/div>\n<\/div>\n","protected":false},"excerpt":{"rendered":"<p>&nbsp; ishte Administrata Drejtore e sh\u00ebrbimeve universitare: &nbsp; Specialist\/Arkitekt Marianthi&nbsp;Xha \/ tel. i brendshem 202 e-mail: mxha@uogj.edu.al Filip \u00c7ami P\u00ebrgjegj\u00ebs [&hellip;]<\/p>\n","protected":false},"author":1,"featured_media":0,"parent":0,"menu_order":0,"comment_status":"closed","ping_status":"closed","template":"","meta":{"_monsterinsights_skip_tracking":false,"_monsterinsights_sitenote_active":false,"_monsterinsights_sitenote_note":"","_monsterinsights_sitenote_category":0,"footnotes":""},"class_list":["post-2906","page","type-page","status-publish","hentry"],"_links":{"self":[{"href":"http:\/\/uogj.edu.al\/old\/wp-json\/wp\/v2\/pages\/2906"}],"collection":[{"href":"http:\/\/uogj.edu.al\/old\/wp-json\/wp\/v2\/pages"}],"about":[{"href":"http:\/\/uogj.edu.al\/old\/wp-json\/wp\/v2\/types\/page"}],"author":[{"embeddable":true,"href":"http:\/\/uogj.edu.al\/old\/wp-json\/wp\/v2\/users\/1"}],"replies":[{"embeddable":true,"href":"http:\/\/uogj.edu.al\/old\/wp-json\/wp\/v2\/comments?post=2906"}],"version-history":[{"count":39,"href":"http:\/\/uogj.edu.al\/old\/wp-json\/wp\/v2\/pages\/2906\/revisions"}],"predecessor-version":[{"id":6256,"href":"http:\/\/uogj.edu.al\/old\/wp-json\/wp\/v2\/pages\/2906\/revisions\/6256"}],"wp:attachment":[{"href":"http:\/\/uogj.edu.al\/old\/wp-json\/wp\/v2\/media?parent=2906"}],"curies":[{"name":"wp","href":"https:\/\/api.w.org\/{rel}","templated":true}]}}