{"id":2940,"date":"2021-03-30T08:45:52","date_gmt":"2021-03-30T08:45:52","guid":{"rendered":"http:\/\/localhost:8080\/wordpress\/?page_id=2940"},"modified":"2023-05-05T07:22:18","modified_gmt":"2023-05-05T07:22:18","slug":"vendime","status":"publish","type":"page","link":"http:\/\/uogj.edu.al\/old\/vendime\/","title":{"rendered":"Vendime"},"content":{"rendered":"\t\t\t\t\t\t\t<h3 style=\"margin-bottom:20px ;display:block;width:100%;margin-top:10px\"> <\/h3>\r\n\t\t\t\t\t\t\t\t<style>\r\n\t\t\t\t\r\n\t\t\t\t\t#tab_container_5318 {\r\n\toverflow:hidden;\r\n\tdisplay:block;\r\n\twidth:100%;\r\n\tborder:0px solid #ddd;\r\n\tmargin-bottom:30px;\r\n\t}\r\n\r\n#tab_container_5318 .tab-content{\r\n\tpadding:20px;\r\n\tborder: 1px solid #e6e6e6 !important;\r\n\tmargin-top: 0px;\r\n\tbackground-color:#ffffff !important;\r\n\tcolor: #000000 !important;\r\n\tfont-size:16px !important;\r\n\tfont-family: Open Sans !important;\r\n\t\r\n\t\tborder: 1px solid #e6e6e6 !important;\r\n\t}\r\n#tab_container_5318 .wpsm_nav-tabs {\r\n    border-bottom: 0px solid #ddd;\r\n}\r\n#tab_container_5318 .wpsm_nav-tabs > li.active > a, #tab_container_5318 .wpsm_nav-tabs > li.active > a:hover, #tab_container_5318 .wpsm_nav-tabs > li.active > a:focus {\r\n\tcolor: #000000 !important;\r\n\tcursor: default;\r\n\tbackground-color: #ffffff !important;\r\n\tborder: 1px solid #e6e6e6 !important;\r\n}\r\n\r\n#tab_container_5318 .wpsm_nav-tabs > li > a {\r\n    margin-right: 0px !important; \r\n    line-height: 1.42857143 !important;\r\n    border: 1px solid #d5d5d5 !important;\r\n    border-radius: 0px 0px 0 0 !important; \r\n\tbackground-color: #e8e8e8 !important;\r\n\tcolor: #000000 !important;\r\n\tpadding: 15px 18px 15px 18px !important;\r\n\ttext-decoration: none !important;\r\n\tfont-size: 14px !important;\r\n\ttext-align:center !important;\r\n\tfont-family: Open Sans !important;\r\n}\r\n#tab_container_5318 .wpsm_nav-tabs > li > a:focus {\r\noutline: 0px !important;\r\n}\r\n\r\n#tab_container_5318 .wpsm_nav-tabs > li > a:before {\r\n\tdisplay:none !important;\r\n}\r\n#tab_container_5318 .wpsm_nav-tabs > li > a:after {\r\n\tdisplay:none !important ;\r\n}\r\n#tab_container_5318 .wpsm_nav-tabs > li{\r\npadding:0px !important ;\r\nmargin:0px;\r\n}\r\n\r\n#tab_container_5318 .wpsm_nav-tabs > li > a:hover , #tab_container_5318 .wpsm_nav-tabs > li > a:focus {\r\n    color: #000000 !important;\r\n    background-color: #e8e8e8 !important;\r\n\tborder: 1px solid #d5d5d5 !important;\r\n\t\r\n}\r\n#tab_container_5318 .wpsm_nav-tabs > li > a .fa{\r\n\r\nmargin-right:5px !important;\r\n\r\nmargin-left:5px !important;\r\n\r\n\r\n}\r\n\r\n\t\t#tab_container_5318 .wpsm_nav-tabs a{\r\n\t\t\tbackground-image: none;\r\n\t\t\tbackground-position: 0 0;\r\n\t\t\tbackground-repeat: repeat-x;\r\n\t\t}\r\n\t\t\t\r\n\r\n\r\n#tab_container_5318 .wpsm_nav-tabs > li {\r\n    float: left;\r\n    margin-bottom: -1px !important;\r\n\tmargin-right:0px !important; \r\n}\r\n\r\n\r\n#tab_container_5318 .tab-content{\r\noverflow:hidden !important;\r\n}\r\n\r\n\r\n@media (min-width: 769px) {\r\n\r\n\t#tab_container_5318 .wpsm_nav-tabs > li{\r\n\t\tfloat:left !important ;\r\n\t\t\t\tmargin-right:-1px !important;\r\n\t\t\t\t\t}\r\n\t#tab_container_5318 .wpsm_nav-tabs{\r\n\t\tfloat:none !important;\r\n\t\tmargin:0px !important;\r\n\t}\r\n\r\n\t#tab_container_5318 .wpsm_nav-tabs > li {\r\n\t\t\t\t\r\n\t}\r\n\t#tab_container_5318 .wpsm_nav{\r\n\t\t\t}\r\n\r\n}\r\n\r\n\r\n\r\n@media (max-width: 768px) {\r\n\t#tab_container_5318 .wpsm_nav-tabs > li {\r\n\t\t\t\t\r\n\t}\r\n\t#tab_container_5318 .wpsm_nav{\r\n\t\t\t}\r\n}\r\n\r\n\r\n\t.wpsm_nav-tabs li:before{\r\n\t\tdisplay:none !important;\r\n\t}\r\n\r\n\t@media (max-width: 768px) {\r\n\t\t\t\t\r\n\t\t\t\t.wpsm_nav-tabs{\r\n\t\t\tmargin-left:0px !important;\r\n\t\t\tmargin-right:0px !important; \r\n\t\t\t\r\n\t\t}\r\n\t\t\t\t#tab_container_5318 .wpsm_nav-tabs > li{\r\n\t\t\tfloat:none !important;\r\n\t\t}\r\n\t\t\t\r\n\t}\t\t\t\t<\/style>\r\n\t\t\t\t<div id=\"tab_container_5318\" >\r\n\t \r\n\t\t\t\t\t<ul class=\"wpsm_nav wpsm_nav-tabs\" role=\"tablist\" id=\"myTab_5318\">\r\n\t\t\t\t\t\t\t\r\n\t\t\t\t\t\t\t<li role=\"presentation\"  class=\"active\"  onclick=\"do_resize()\">\r\n\t\t\t\t\t\t\t\t<a href=\"#tabs_desc_5318_1\" aria-controls=\"tabs_desc_5318_1\" role=\"tab\" data-toggle=\"tab\">\r\n\t\t\t\t\t\t\t\t\t\r\n\t\t\t\t\t\t\t\t\t\t\t\t\t\t\t\t\t\t\t\t\t\t\t\t\t\t\t\t\t\t\t\t\t\t\t\t\t\t\t\t\t\t\t\t\t\t\t\t\t\r\n\t\t\t\t\t\t\t\t\t\t\t\t\t\t\t\t\t\t\r\n\t\t\t\t\t\t\t\t\t<span>Urdhera Rektori 2021 &amp; 2022<\/span>\r\n\t\t\t\t\t\t\t\t\t\r\n\t\t\t\t\t\t\t\t\t\t\t\t\t\t\t\t\t\t\r\n\t\t\t\t\t\t\t\t\t\t\t\t\t\t\t\t\t\t\t\t\r\n\t\t\t\t\t\t\t\t\t\r\n\t\t\t\t\t\t\t\t<\/a>\r\n\t\t\t\t\t\t\t<\/li>\r\n\t\t\t\t\t\t\t\r\n\t\t\t\t\t\t\t<li role=\"presentation\"  onclick=\"do_resize()\">\r\n\t\t\t\t\t\t\t\t<a href=\"#tabs_desc_5318_2\" aria-controls=\"tabs_desc_5318_2\" role=\"tab\" data-toggle=\"tab\">\r\n\t\t\t\t\t\t\t\t\t\r\n\t\t\t\t\t\t\t\t\t\t\t\t\t\t\t\t\t\t\t\t\t\t\t\t\t\t\t\t\t\t\t\t\t\t\t\t\t\t\t\t\t\t\t\t\t\t\t\t\t\r\n\t\t\t\t\t\t\t\t\t\t\t\t\t\t\t\t\t\t\r\n\t\t\t\t\t\t\t\t\t<span>Vendime Rektorat 2021 &amp; 2022 &amp; 2023<\/span>\r\n\t\t\t\t\t\t\t\t\t\r\n\t\t\t\t\t\t\t\t\t\t\t\t\t\t\t\t\t\t\r\n\t\t\t\t\t\t\t\t\t\t\t\t\t\t\t\t\t\t\t\t\r\n\t\t\t\t\t\t\t\t\t\r\n\t\t\t\t\t\t\t\t<\/a>\r\n\t\t\t\t\t\t\t<\/li>\r\n\t\t\t\t\t\t\t\r\n\t\t\t\t\t\t\t<li role=\"presentation\"  onclick=\"do_resize()\">\r\n\t\t\t\t\t\t\t\t<a href=\"#tabs_desc_5318_3\" aria-controls=\"tabs_desc_5318_3\" role=\"tab\" data-toggle=\"tab\">\r\n\t\t\t\t\t\t\t\t\t\r\n\t\t\t\t\t\t\t\t\t\t\t\t\t\t\t\t\t\t\t\t\t\t\t\t\t\t\t\t\t\t\t\t\t\t\t\t\t\t\t\t\t\t\t\t\t\t\t\t\t\r\n\t\t\t\t\t\t\t\t\t\t\t\t\t\t\t\t\t\t\r\n\t\t\t\t\t\t\t\t\t<span>VR 2020 &amp; 2019<\/span>\r\n\t\t\t\t\t\t\t\t\t\r\n\t\t\t\t\t\t\t\t\t\t\t\t\t\t\t\t\t\t\r\n\t\t\t\t\t\t\t\t\t\t\t\t\t\t\t\t\t\t\t\t\r\n\t\t\t\t\t\t\t\t\t\r\n\t\t\t\t\t\t\t\t<\/a>\r\n\t\t\t\t\t\t\t<\/li>\r\n\t\t\t\t\t\t\t\r\n\t\t\t\t\t\t\t<li role=\"presentation\"  onclick=\"do_resize()\">\r\n\t\t\t\t\t\t\t\t<a href=\"#tabs_desc_5318_4\" aria-controls=\"tabs_desc_5318_4\" role=\"tab\" data-toggle=\"tab\">\r\n\t\t\t\t\t\t\t\t\t\r\n\t\t\t\t\t\t\t\t\t\t\t\t\t\t\t\t\t\t\t\t\t\t\t\t\t\t\t\t\t\t\t<i class=\"fa fa-laptop\"><\/i> \t\t\t\t\t\t\t\t\t\t\t\t\t\t\t\t\t\t\t\r\n\t\t\t\t\t\t\t\t\t\t\t\t\t\t\t\t\t\t\r\n\t\t\t\t\t\t\t\t\t<span>VR 2019<\/span>\r\n\t\t\t\t\t\t\t\t\t\r\n\t\t\t\t\t\t\t\t\t\t\t\t\t\t\t\t\t\t\r\n\t\t\t\t\t\t\t\t\t\t\t\t\t\t\t\t\t\t\t\t\r\n\t\t\t\t\t\t\t\t\t\r\n\t\t\t\t\t\t\t\t<\/a>\r\n\t\t\t\t\t\t\t<\/li>\r\n\t\t\t\t\t\t\t\t\t\t\t <\/ul>\r\n\r\n\t\t\t\t\t  <!-- Tab panes -->\r\n\t\t\t\t\t  <div class=\"tab-content\" id=\"tab-content_5318\">\r\n\t\t\t\t\t\t\t\t\t\t\t\t <div role=\"tabpanel\" class=\"tab-pane  in active \" id=\"tabs_desc_5318_1\">\r\n\t\t\t\t\t\t\t\t<h3>Urdhera Rektorat 2021 & 2022<\/h3>\r\n<p><a \r\n<p><a href=\"http:\/\/uogj.edu.al\/wp-content\/uploads\/2021\/04\/zgjedhjet-per-drejtues-administrim-publik.pdf\" target=\"_blank\" rel=\"noopener noreferrer\">Urdher Rektorati Nr. 10, Date 23.03.2021\"Per zgjedhjet e perseritura per autoritete drejtuese ne Fakultetin Ekonomik\"\r\n<\/a><\/p>\r\n<p><a href=\" http:\/\/uogj.edu.al\/upload\/Urdhera%20Rektorat\/2021%20urdher%2087.pdf\" target=\"_blank\" rel=\"noopener noreferrer\">Urdher Rektorati Nr. 87, Date 14.12.2021\" EM\u00cbRIMIN E  PERSONELIT  AKADEMIK  ME KOH\u00cb T\u00cb PJESSHME  DHE KOH\u00cbZGJATJE T\u00cb CAKTUARN\u00cb NJESIN\u00cb BAZ\u00cb T\u00cb EDUKIMIT DHE METODOLOGJIS\u00cb S\u00cb M\u00cbSIMDH\u00cbNIES\"\r\n<\/a><\/p>\r\n\r\n<p><a href=\" http:\/\/uogj.edu.al\/upload\/Urdhera%20Rektorat\/2021%20urdher%2088.pdf\" target=\"_blank\" rel=\"noopener noreferrer\">Urdher Rektorati Nr. 88, Date 14.12.2021\" EM\u00cbRIMIN E  PERSONELIT  AKADEMIK  ME KOH\u00cb T\u00cb PJESSHME  DHE KOH\u00cbZGJATJE T\u00cb CAKTUARN\u00cb NJESIN\u00cb BAZ\u00cb T\u00cb GJUH\u00cbVE T\u00cb HUAJA\"\r\n<\/a><\/p>\r\n<p><a href=\" http:\/\/uogj.edu.al\/upload\/Urdhera%20Rektorat\/2021%20urdher%2092.pdf \" target=\"_blank\" rel=\"noopener noreferrer\"> Urdher Rektorati Nr. 92, Date 24.12.2021\" EM\u00cbRIMIN E PERSONELIT AKADEMIK ME KOH\u00cb T\u00cb PJESSHME DHE KOH\u00cbZGJATJE T\u00cb CAKTUARN\u00cb NJESIN\u00cb BAZ\u00cb T\u00cb KONTABILITET FINANCES N\u00cb FAKULTETIN EKONOMIK\" \r\n<\/a><\/p> \r\n<p><a href=\" http:\/\/uogj.edu.al\/upload\/Urdhera%20Rektorat\/2021%20urdher%2093.pdf \" target=\"_blank\" rel=\"noopener noreferrer\"> Urdher Rektorati Nr. 93, Date 24.12.2021\" EM\u00cbRIMIN E PERSONELIT AKADEMIK ME KOH\u00cb T\u00cb PJESSHME DHE KOH\u00cbZGJATJE T\u00cb CAKTUARN\u00cb NJESIN\u00cb BAZ\u00cb T\u00cb ADMINISTRIMIT PUBLIK N\u00cb FAKULTETIN EKONOMIK\" \r\n<\/a><\/p>\r\n<p><a href=\" http:\/\/uogj.edu.al\/upload\/Urdhera%20Rektorat\/2021%20urdher%2094.pdf  \" target=\"_blank\" rel=\"noopener noreferrer\"> Urdher Rektorati Nr. 94, Date 24.12.2021\" EM\u00cbRIMIN E PERSONELIT AKADEMIK ME KOH\u00cb T\u00cb PJESSHME DHE KOH\u00cbZGJATJE T\u00cb CAKTUARN\u00cb NJESIN\u00cb BAZ\u00cb T\u00cb POLITIKAVE EKONOMIKE DHE TURIZMIT N\u00cb FAKULTETIN EKONOMIK\" \r\n<\/a><\/p> \r\n<p><a href=\" http:\/\/uogj.edu.al\/upload\/Urdhera%20Rektorat\/2021%20urdher%2095.pdf \" target=\"_blank\" rel=\"noopener noreferrer\"> Urdher Rektorati Nr. 95, Date 24.12.2021\" EM\u00cbRIMIN E PERSONELIT AKADEMIK ME KOH\u00cb T\u00cb PJESSHME DHE KOH\u00cbZGJATJE T\u00cb CAKTUARN\u00cb NJESIN\u00cb BAZ\u00cb T\u00cb INFERMIERISE\" \r\n<\/a><\/p>\r\n<p><a href=\" http:\/\/uogj.edu.al\/upload\/Urdhera%20Rektorat\/2021%20urdher%2096.pdf\" target=\"_blank\" rel=\"noopener noreferrer\"> Urdher Rektorati Nr. 96, Date 24.12.2021\" EM\u00cbRIMIN E PERSONELIT AKADEMIK ME KOH\u00cb T\u00cb PJESSHME DHE KOH\u00cbZGJATJE T\u00cb CAKTUARN\u00cb NJESIN\u00cb BAZ\u00cb T\u00cb SHKENCAVE BIOLOGJIKE, MJEDISORE DHE UDHQIMIT\" \r\n<\/a><\/p> \r\n<p><a href=\" http:\/\/uogj.edu.al\/upload\/Urdhera%20Rektorat\/2021%20urdher%2097.pdf  \" target=\"_blank\" rel=\"noopener noreferrer\"> Urdher Rektorati Nr. 97, Date 24.12.2021\" EM\u00cbRIMIN E PERSONELIT AKADEMIK ME KOH\u00cb T\u00cb PJESSHME DHE KOH\u00cbZGJATJE T\u00cb CAKTUARN\u00cb NJESIN\u00cb BAZ\u00cb T\u00cb MATEMATIKES INFORMATIKES DHE FIZIKES\" \r\n<\/a><\/p>\r\n\t\t\t\t\t\t <\/div>\r\n\t\t\t\t\t\t\t\t\t\t\t\t <div role=\"tabpanel\" class=\"tab-pane \" id=\"tabs_desc_5318_2\">\r\n\t\t\t\t\t\t\t\t<h3>Vendime Rektorat 2023<\/h3>\r\n<\/a><\/p>\r\n<p><a href=\"https:\/\/uogj.edu.al\/upload\/Urdhera%20Rektorat\/Vendime%20Rektorati2023.pdf\" target=\"_blank\" rel=\"noopener noreferrer\"> Vendime Rektorati nr.1 dhe nr.2 dt 18.01.2023  \"Per miratimin e raportit vjetor financiar dhe Per strukturen e pergjithshme te UGJ\"<\/a><\/p>\r\n\r\n<h3>Vendime Rektorat 2022<\/h3>\r\n<\/a><\/p>\r\n<p><a href=\"https:\/\/uogj.edu.al\/upload\/Urdhera%20Rektorat\/Vendime%20Rektorati%20%201-14%20viti%202022.pdf\" target=\"_blank\" rel=\"noopener noreferrer\"> Urdhera Rektorati 2022  \"14 Vendimet\"<\/a><\/p>\r\n\r\n<h3>Vendime Rektorat 2021<\/h3>\r\n<\/a><\/p>\r\n<p><a href=\"http:\/\/uogj.edu.al\/wp-content\/uploads\/2021\/04\/shpallje-antaret-Kiz.pdf\" target=\"_blank\" rel=\"noopener noreferrer\">Shpallje, dat\u00eb 01.07.2020\u2033PER ZGJEDHJEN E ANETAREVE DHE SEKRETARIT TE KOMISIONIT INST1TUCIONAL TE ZWEDHJEVE SI DHE TE. ANETAREVE TE KOMISIONIT TE APELIMIT. \r\n \u2033<\/a><\/p>\r\n<p><a href=\"http:\/\/uogj.edu.al\/wp-content\/uploads\/2021\/04\/vendimi-dates-nga-urdher-i-ministres-scaled.jpg\" target=\"_blank\" rel=\"noopener noreferrer\">Urdher, dat\u00eb 30.06.2020\u2033PER ZHVILLIMIN E PROCESIT ZGJEDHOR PER AUTORITETET DHE ORGANET DREJTUESE NE INSTITUCIONET PUBLIKE TE ARSIMIT TE LARTE. \r\n \u2033<\/a><\/p>\r\n<p><a href=\"http:\/\/uogj.edu.al\/wp-content\/uploads\/2021\/04\/vendimi-dates-nga-urdher-i-ministres-scaled.jpg\" target=\"_blank\" rel=\"noopener noreferrer\">Vendim Nr. 7, dat\u00eb 01.07.2020\u2033PER SHPALLJEN E DATES Se FILLIMIT Te PROCESIT ZGJEDHOR DHE DATEN E ZGJEDHJEVE PER AUTORITETET DHE ORGANET DREJTUESE NE UNIVERSITETIN \"EQREM CABEJ\".\u2033<\/a><\/p>\r\n<p><a href=\"http:\/\/uogj.edu.al\/wp-content\/uploads\/2021\/04\/Urdher-Rektorati.pdf\" target=\"_blank\" rel=\"noopener noreferrer\">Urdher Rektorati Nr. 16  dat\u00eb 11.03.2020\u2033PER MBYLLJEN E ARTIVITETEVE PUBLIKE, JO PUBLIKE DHE ANULLIMIN E GRUMBULLIMEVE MASIVE NE VENDE TE MBYLLURA APO TE HAPURA.\"<\/a><\/p>\r\n<p><a href=\"http:\/\/uogj.edu.al\/wp-content\/uploads\/2021\/04\/Urdher-rektorati-per-procesin-mesimor.pdf\" target=\"_blank\" rel=\"noopener noreferrer\">Urdher Rektorati Nr. 15  dat\u00eb 09.03.2020\u2033PER NDERPRERJEN E PROCESIT MESIMOR NE UNIVERSITETIN \"EQREM CABEJ' GJIROKAST\u00cbR.\"<\/a><\/p>\r\n<p><a href=\"http:\/\/uogj.edu.al\/wp-content\/uploads\/2021\/04\/Urdher-rektorati-per-procesin-mesimor.pdf\" target=\"_blank\" rel=\"noopener noreferrer\">Vendim Rektorati Nr. 05  dat\u00eb 09.03.2020\u2033PER SHPALLJEN E DATES SE FILLIMIT TE PROCESIT ZGJEDHOR DHE DATEN E ZGJEDHJEVE PER AUTORITETEVE DHE ORGANEVE DREJTUESE NE UNIVERSITETIN \"EQREM CABEJ\"\"<\/a><\/p>\r\n<p><a href=\"http:\/\/uogj.edu.al\/wp-content\/uploads\/2021\/04\/Urdher-ministria-per-procesin-mesimor.pdf\" target=\"_blank\" rel=\"noopener noreferrer\">Urdher Ministria e Arsimit Nr. 91  dat\u00eb 30.04.2020\u2033PER NDERPRERJEN E PROCESIT MESIMOR NE INSTITUCIONET PUBLIKE DHE JO PUBLIKE.\"<\/a><\/p>\r\n<p><a href=\"http:\/\/uogj.edu.al\/wp-content\/uploads\/2021\/04\/Thirrje-per-ngritjen-e-komisionit-te-hartimit-te-rregullores-se-zgjedhjeve-2020-2024.pdf\" target=\"_blank\" rel=\"noopener noreferrer\">Thirrje  dat\u00eb 27.01.2020\u2033MBI NGRITJEN E KOMISIONIT TE HARTIMIT TE RREGULLORES SE ZGJEDHJEVE 2020-2024\"<\/a><\/p>\r\n<p><a href=\"http:\/\/uogj.edu.al\/wp-content\/uploads\/2021\/04\/PAKTI-PER-UNIVERSITETIN.pdf\" target=\"_blank\" rel=\"noopener noreferrer\">Per organizimin e punes dhe prezantimin e draft \u2013 \u201cPakti per Universitetin\u201d\"<\/a><\/p>\t\t\t\t\t\t <\/div>\r\n\t\t\t\t\t\t\t\t\t\t\t\t <div role=\"tabpanel\" class=\"tab-pane \" id=\"tabs_desc_5318_3\">\r\n\t\t\t\t\t\t\t\t<h3>Vendime Rektorat 2020<\/h3>\r\n<\/a><\/p>\r\n<p><a href=\"http:\/\/uogj.edu.al\/wp-content\/uploads\/2021\/04\/shpallje-antaret-Kiz.pdf\" target=\"_blank\" rel=\"noopener noreferrer\">Shpallje, dat\u00eb 01.07.2020\u2033PER ZGJEDHJEN E ANETAREVE DHE SEKRETARIT TE KOMISIONIT INST1TUCIONAL TE ZWEDHJEVE SI DHE TE. ANETAREVE TE KOMISIONIT TE APELIMIT. \r\n \u2033<\/a><\/p>\r\n<p><a href=\"http:\/\/uogj.edu.al\/wp-content\/uploads\/2021\/04\/vendimi-dates-nga-urdher-i-ministres-scaled.jpg\" target=\"_blank\" rel=\"noopener noreferrer\">Urdher, dat\u00eb 30.06.2020\u2033PER ZHVILLIMIN E PROCESIT ZGJEDHOR PER AUTORITETET DHE ORGANET DREJTUESE NE INSTITUCIONET PUBLIKE TE ARSIMIT TE LARTE. \r\n \u2033<\/a><\/p>\r\n<p><a href=\"http:\/\/uogj.edu.al\/wp-content\/uploads\/2021\/04\/vendimi-dates-nga-urdher-i-ministres-scaled.jpg\" target=\"_blank\" rel=\"noopener noreferrer\">Vendim Nr. 7, dat\u00eb 01.07.2020\u2033PER SHPALLJEN E DATES Se FILLIMIT Te PROCESIT ZGJEDHOR DHE DATEN E ZGJEDHJEVE PER AUTORITETET DHE ORGANET DREJTUESE NE UNIVERSITETIN \"EQREM CABEJ\".\u2033<\/a><\/p>\r\n<p><a href=\"http:\/\/uogj.edu.al\/wp-content\/uploads\/2021\/04\/Urdher-Rektorati.pdf\" target=\"_blank\" rel=\"noopener noreferrer\">Urdher Rektorati Nr. 16  dat\u00eb 11.03.2020\u2033PER MBYLLJEN E ARTIVITETEVE PUBLIKE, JO PUBLIKE DHE ANULLIMIN E GRUMBULLIMEVE MASIVE NE VENDE TE MBYLLURA APO TE HAPURA.\"<\/a><\/p>\r\n<p><a href=\"http:\/\/uogj.edu.al\/wp-content\/uploads\/2021\/04\/Urdher-rektorati-per-procesin-mesimor.pdf\" target=\"_blank\" rel=\"noopener noreferrer\">Urdher Rektorati Nr. 15  dat\u00eb 09.03.2020\u2033PER NDERPRERJEN E PROCESIT MESIMOR NE UNIVERSITETIN \"EQREM CABEJ' GJIROKAST\u00cbR.\"<\/a><\/p>\r\n<p><a href=\"http:\/\/uogj.edu.al\/wp-content\/uploads\/2021\/04\/Urdher-rektorati-per-procesin-mesimor.pdf\" target=\"_blank\" rel=\"noopener noreferrer\">Vendim Rektorati Nr. 05  dat\u00eb 09.03.2020\u2033PER SHPALLJEN E DATES SE FILLIMIT TE PROCESIT ZGJEDHOR DHE DATEN E ZGJEDHJEVE PER AUTORITETEVE DHE ORGANEVE DREJTUESE NE UNIVERSITETIN \"EQREM CABEJ\"\"<\/a><\/p>\r\n<p><a href=\"http:\/\/uogj.edu.al\/wp-content\/uploads\/2021\/04\/Urdher-ministria-per-procesin-mesimor.pdf\" target=\"_blank\" rel=\"noopener noreferrer\">Urdher Ministria e Arsimit Nr. 91  dat\u00eb 30.04.2020\u2033PER NDERPRERJEN E PROCESIT MESIMOR NE INSTITUCIONET PUBLIKE DHE JO PUBLIKE.\"<\/a><\/p>\r\n<p><a href=\"http:\/\/uogj.edu.al\/wp-content\/uploads\/2021\/04\/Thirrje-per-ngritjen-e-komisionit-te-hartimit-te-rregullores-se-zgjedhjeve-2020-2024.pdf\" target=\"_blank\" rel=\"noopener noreferrer\">Thirrje  dat\u00eb 27.01.2020\u2033MBI NGRITJEN E KOMISIONIT TE HARTIMIT TE RREGULLORES SE ZGJEDHJEVE 2020-2024\"<\/a><\/p>\r\n<p><a href=\"http:\/\/uogj.edu.al\/wp-content\/uploads\/2021\/04\/PAKTI-PER-UNIVERSITETIN.pdf\" target=\"_blank\" rel=\"noopener noreferrer\">Per organizimin e punes dhe prezantimin e draft \u2013 \u201cPakti per Universitetin\u201d\"<\/a><\/p>\t\t\t\t\t\t <\/div>\r\n\t\t\t\t\t\t\t\t\t\t\t\t <div role=\"tabpanel\" class=\"tab-pane \" id=\"tabs_desc_5318_4\">\r\n\t\t\t\t\t\t\t\t<h3>Njoftime 2019<\/h3>\r\n<p><a href=\"http:\/\/uogj.edu.al\/wp-content\/uploads\/2021\/04\/Njoftim-per-Sondazhin-Kombetar-te-Studenteve-1.pdf\" target=\"_blank\" rel=\"noopener noreferrer\">Njoftim, dat\u00eb 09.04.2019\u2033PER SONDAZHIN KOMBETAR TE STUDENTEVE\u2033<\/a><\/p>\r\n<p><a href=\"http:\/\/www.uogj.edu.al\/old\/upload\/Broshura%20informuese%20per%20studentet%20-%20SKS%202019.pdf\" target=\"_blank\" rel=\"noopener noreferrer\">Broshura informuese per studentet \u2013 SKS 2019<\/a><\/p>\t\t\t\t\t\t <\/div>\r\n\t\t\t\t\t\t\t\r\n\t\t\t\t\t <\/div>\r\n\t\t\t\t\t \r\n\t\t\t\t <\/div>\r\n <script>\r\n\t\tjQuery(function () {\r\n\t\t\tjQuery('#myTab_5318 a:first').tab('show')\r\n\t\t});\r\n\t\t\r\n\t\t\t\tjQuery(function(){\r\n\t\t\tvar b=\"fadeIn\";\r\n\t\t\tvar c;\r\n\t\t\tvar a;\r\n\t\t\td(jQuery(\"#myTab_5318 a\"),jQuery(\"#tab-content_5318\"));function d(e,f,g){\r\n\t\t\t\te.click(function(i){\r\n\t\t\t\t\ti.preventDefault();\r\n\t\t\t\t\tjQuery(this).tab(\"show\");\r\n\t\t\t\t\tvar h=jQuery(this).data(\"easein\");\r\n\t\t\t\t\tif(c){c.removeClass(a);}\r\n\t\t\t\t\tif(h){f.find(\"div.active\").addClass(\"animated \"+h);a=h;}\r\n\t\t\t\t\telse{if(g){f.find(\"div.active\").addClass(\"animated \"+g);a=g;}else{f.find(\"div.active\").addClass(\"animated \"+b);a=b;}}c=f.find(\"div.active\");\r\n\t\t\t\t});\r\n\t\t\t}\r\n\t\t});\r\n\t\t\r\n\r\n\t\tfunction do_resize(){\r\n\r\n\t\t\tvar width=jQuery( '.tab-content .tab-pane iframe' ).width();\r\n\t\t\tvar height=jQuery( '.tab-content .tab-pane iframe' ).height();\r\n\r\n\t\t\tvar toggleSize = true;\r\n\t\t\tjQuery('iframe').animate({\r\n\t\t\t    width: toggleSize ? width : 640,\r\n\t\t\t    height: toggleSize ? height : 360\r\n\t\t\t  }, 250);\r\n\r\n\t\t\t  toggleSize = !toggleSize;\r\n\t\t}\r\n\r\n\r\n\t<\/script>\r\n\t\t\t\t\r\n\t\t\t\n","protected":false},"excerpt":{"rendered":"","protected":false},"author":1,"featured_media":0,"parent":0,"menu_order":0,"comment_status":"closed","ping_status":"closed","template":"","meta":{"_monsterinsights_skip_tracking":false,"_monsterinsights_sitenote_active":false,"_monsterinsights_sitenote_note":"","_monsterinsights_sitenote_category":0,"footnotes":""},"class_list":["post-2940","page","type-page","status-publish","hentry"],"_links":{"self":[{"href":"http:\/\/uogj.edu.al\/old\/wp-json\/wp\/v2\/pages\/2940"}],"collection":[{"href":"http:\/\/uogj.edu.al\/old\/wp-json\/wp\/v2\/pages"}],"about":[{"href":"http:\/\/uogj.edu.al\/old\/wp-json\/wp\/v2\/types\/page"}],"author":[{"embeddable":true,"href":"http:\/\/uogj.edu.al\/old\/wp-json\/wp\/v2\/users\/1"}],"replies":[{"embeddable":true,"href":"http:\/\/uogj.edu.al\/old\/wp-json\/wp\/v2\/comments?post=2940"}],"version-history":[{"count":17,"href":"http:\/\/uogj.edu.al\/old\/wp-json\/wp\/v2\/pages\/2940\/revisions"}],"predecessor-version":[{"id":6314,"href":"http:\/\/uogj.edu.al\/old\/wp-json\/wp\/v2\/pages\/2940\/revisions\/6314"}],"wp:attachment":[{"href":"http:\/\/uogj.edu.al\/old\/wp-json\/wp\/v2\/media?parent=2940"}],"curies":[{"name":"wp","href":"https:\/\/api.w.org\/{rel}","templated":true}]}}