{"id":3657,"date":"2021-04-06T08:48:42","date_gmt":"2021-04-06T08:48:42","guid":{"rendered":"http:\/\/localhost:8080\/wordpress\/?page_id=3657"},"modified":"2024-01-30T09:43:52","modified_gmt":"2024-01-30T09:43:52","slug":"bursa-per-studentet","status":"publish","type":"page","link":"http:\/\/uogj.edu.al\/old\/bursa-per-studentet\/","title":{"rendered":"Bursa p\u00ebr Student\u00ebt"},"content":{"rendered":"\n<br>\n\n\n\n<p>Njoftohen te gjithe studentet e Universitetit &#8220;Eqrem Cabej&#8221; Gjirokaster se qe nga data 21.10.2022 fillojne aplikimet per perfitimin e burses dhe perjashtimin nga tarifa.&nbsp;<\/p>\n\n\n\n<p>Udhezime :&nbsp;&nbsp;&nbsp;&nbsp;&nbsp;&nbsp;&nbsp;&nbsp; Shkarkoni shtojcat 1, 2 dhe 3 sipas kerkeses suaj.<\/p>\n\n\n\n<p>&nbsp;Bashkengjitjani shtojcen 1 dhe formularin perkates dokumentave dhe dorezojini ne vendet e caktuata ne njoftim ose nepermjet sherbimit postar.&nbsp;<\/p>\n\n\n\n<br>\n\n\n\n<p><strong><a href=\"https:\/\/www.uogj.edu.al\/upload\/noftimi%20per%20bursa%202022.pdf\">Njoftimi &nbsp;per burse&nbsp;&nbsp;&nbsp;&nbsp;&nbsp;&nbsp;&nbsp;&nbsp;&nbsp;&nbsp;&nbsp;&nbsp;&nbsp;&nbsp;&nbsp; <\/a><\/strong>&nbsp;<\/p>\n\n\n\n<br>\n\n\n\n<p><strong><a href=\"https:\/\/www.uogj.edu.al\/upload\/FORMULARI%20APLIKIMI%20PER%20BURSE%202022%20-%202023.pdf\">FORMULARI APLIKIMI PER BURSE 2022 \u2013 2023<\/a><\/strong><\/p>\n\n\n\n<br>\n\n\n\n<p><strong><a href=\"https:\/\/www.uogj.edu.al\/upload\/FORMULARI%20APLIKIMI%20PER%20ULJE%2050%20NGA%20TARIFA%20E%20SHKOLLIMIT%202022%20-%202023.pdf\">FORMULARI APLIKIMI PER ULJE 50 NGA TARIFA E SHKOLLIMIT 2022 \u2013 2023<\/a><\/strong><\/p>\n\n\n\n<br>\n\n\n\n<p><strong><a href=\"https:\/\/www.uogj.edu.al\/upload\/FORMULARI%20APLIKIMI%20PER%20PERJASHTIM%20NGA%20TARIFA%20E%20SHKOLLIMIT%202023.pdf\">FORMULARI APLIKIMI PER PERJASHTIM NGA TARIFA E SHKOLLIMIT 2022 \u2013 2023<\/a><\/strong><\/p>\n\n\n\n<br>\n\n\n\n<div class=\"wp-block-media-text alignwide is-stacked-on-mobile\" style=\"grid-template-columns:48% auto\"><figure class=\"wp-block-media-text__media\"><a href=\"https:\/\/arsimi.gov.al\/bursa-dhe-programe-studimi\/\" target=\"_blank\" rel=\"noopener\"><img loading=\"lazy\" decoding=\"async\" width=\"428\" height=\"245\" src=\"http:\/\/uogj.edu.al\/wp-content\/uploads\/2021\/04\/bursa.png\" alt=\"\" class=\"wp-image-3658 size-full\"\/><\/a><\/figure><div class=\"wp-block-media-text__content\">\n<p class=\"has-large-font-size\"><\/p>\n<\/div><\/div>\n\n\n\n<p><a href=\"https:\/\/uogj.edu.al\/upload\/oead.map_DE_2022.pdf\" target=\"_blank\" rel=\"noreferrer noopener\">Informacioni lidhur me harten OeAD ne vija te pergjithshme si edhe Open Calls&nbsp;<strong>thirrje p\u00ebr aplikim p\u00ebr bursa OeAD p\u00ebr vitin 2023\/24.<\/strong><\/a><\/p>\n\n\n\n<br>\n\n\n\n<p>Sjellim n\u00eb v\u00ebmendjen tuaj, se bursat austriake p\u00ebr vitin akademik 2022\/23 jan\u00eb tashm\u00eb t\u00eb aksesueshme.<\/p>\n\n\n\n<p>Ministria Federale e Arsimit, Shkenc\u00ebs dhe K\u00ebrkimit njofton se p\u00ebr vitin akademik 2022\/23 do t\u00eb vihen n\u00eb dispozicion p\u00ebrs\u00ebri bursa p\u00ebr student\u00ebt, t\u00eb diplomuarit dhe shkenc\u00ebtar\u00ebt. Thirrjet p\u00ebr aplikim gj\u00ebnden n\u00eb databaz\u00ebn e t\u00eb dh\u00ebnave austriake p\u00ebr bursa n\u00eb&nbsp;<a href=\"http:\/\/www.grants.at\/\" target=\"_blank\" rel=\"noreferrer noopener\">www.grants.at<\/a>&nbsp;n\u00eb (gjermanisht dhe anglisht). P\u00ebrve\u00e7 bursave nga Ministria Federale e Arsimit, Shkenc\u00ebs dhe K\u00ebrkimit, n\u00eb t\u00eb gjithashtu gjenden informacione n\u00eb lidhje me programet e granteve dhe bursave t\u00eb institucioneve t\u00eb tjera austriake.<\/p>\n\n\n\n<p>Programet individuale t\u00eb bursave ofrohen sipas kushteve p\u00ebrkat\u00ebse p\u00ebr vendet e origjin\u00ebs. Detajet mbi k\u00ebto programe mund t\u00eb gjenden n\u00eb sh\u00ebnimet p\u00ebrkat\u00ebse n\u00eb databaz\u00ebn e t\u00eb dh\u00ebnave t\u00eb bursave&nbsp;<a href=\"http:\/\/www.grants.at\/\" target=\"_blank\" rel=\"noreferrer noopener\">www.grants.at<\/a>.<\/p>\n\n\n\n<p>Shuma e p\u00ebrgjithshme e bursave q\u00eb do t\u00eb jepen nga Ministria Federale e Arsimit, Shkenc\u00ebs dhe K\u00ebrkimit n\u00eb vitin akademik 2022\/23 \u00ebsht\u00eb 1,000 muaj bursash.<\/p>\n\n\n\n<br>\n\n\n\n<ul class=\"wp-block-list\">\n<li><a target=\"_blank\" href=\"http:\/\/www.uogj.edu.al\/wp-content\/uploads\/Test\/upload\/Deklarate%20per%20burse.pdf\" rel=\"noopener\">Deklarate per burse<\/a><\/li>\n<\/ul>\n\n\n\n<ul class=\"wp-block-list\">\n<li><a target=\"_blank\" href=\"http:\/\/www.uogj.edu.al\/wp-content\/uploads\/Test\/upload\/FORMULARI%20APLIKIMI%20PER%20BURSE%202020%20-%202021.pdf\" rel=\"noopener\">FORMULARI APLIKIMI PER BURSE 2020 \u2013 2021<\/a><\/li>\n<\/ul>\n\n\n\n<ul class=\"wp-block-list\">\n<li><a target=\"_blank\" href=\"http:\/\/www.uogj.edu.al\/wp-content\/uploads\/Test\/upload\/FORMULARI%20APLIKIMI%20PER%20PERJASHTIM%20NGA%20TARIFA%20E%20SHKOLLIMIT%202020%20-%202021.pdf\" rel=\"noopener\">FORMULARI APLIKIMI PER PERJASHTIM NGA TARIFA E SHKOLLIMIT 2020 \u2013 2021<\/a><\/li>\n<\/ul>\n\n\n\n<ul class=\"wp-block-list\">\n<li><a target=\"_blank\" href=\"http:\/\/www.uogj.edu.al\/wp-content\/uploads\/Test\/upload\/FORMULARI%20APLIKIMI%20PER%20ULJE%2050%20NGA%20TARIFA%20E%20SHKOLLIMIT%202020%20-%202021.pdf\" rel=\"noopener\">FORMULARI APLIKIMI PER ULJE 50 NGA TARIFA E SHKOLLIMIT 2020 \u2013 2021<\/a><\/li>\n<\/ul>\n\n\n\n<ul class=\"wp-block-list\">\n<li><a target=\"_blank\" href=\"https:\/\/arsimi.gov.al\/wp-content\/uploads\/2021\/03\/njoftim-web-bursa-sllovake_2021.pdf\" rel=\"noopener\">BURSA P\u00cbR STUDIME UNIVERSITARE N\u00cb SLLOVAKI,&nbsp;VITI AKADEMIK 2021-2022<\/a><\/li>\n<\/ul>\n\n\n\n<ul class=\"wp-block-list\">\n<li><a target=\"_blank\" href=\"https:\/\/arsimi.gov.al\/wp-content\/uploads\/2021\/03\/F.-Njoftim-shpallje-bursa-n%C3%AB-Indi-11-3-2021.pdf\" rel=\"noopener\">BURSA STUDIMI N\u00cb INSTITUTIN QENDROR HINDI,&nbsp;VITI AKADEMIK 2021-2022<\/a><\/li>\n<\/ul>\n","protected":false},"excerpt":{"rendered":"<p>Njoftohen te gjithe studentet e Universitetit &#8220;Eqrem Cabej&#8221; Gjirokaster se qe nga data 21.10.2022 fillojne aplikimet per perfitimin e burses [&hellip;]<\/p>\n","protected":false},"author":1,"featured_media":0,"parent":0,"menu_order":0,"comment_status":"closed","ping_status":"closed","template":"","meta":{"_monsterinsights_skip_tracking":false,"_monsterinsights_sitenote_active":false,"_monsterinsights_sitenote_note":"","_monsterinsights_sitenote_category":0,"footnotes":""},"class_list":["post-3657","page","type-page","status-publish","hentry"],"_links":{"self":[{"href":"http:\/\/uogj.edu.al\/old\/wp-json\/wp\/v2\/pages\/3657"}],"collection":[{"href":"http:\/\/uogj.edu.al\/old\/wp-json\/wp\/v2\/pages"}],"about":[{"href":"http:\/\/uogj.edu.al\/old\/wp-json\/wp\/v2\/types\/page"}],"author":[{"embeddable":true,"href":"http:\/\/uogj.edu.al\/old\/wp-json\/wp\/v2\/users\/1"}],"replies":[{"embeddable":true,"href":"http:\/\/uogj.edu.al\/old\/wp-json\/wp\/v2\/comments?post=3657"}],"version-history":[{"count":12,"href":"http:\/\/uogj.edu.al\/old\/wp-json\/wp\/v2\/pages\/3657\/revisions"}],"predecessor-version":[{"id":6530,"href":"http:\/\/uogj.edu.al\/old\/wp-json\/wp\/v2\/pages\/3657\/revisions\/6530"}],"wp:attachment":[{"href":"http:\/\/uogj.edu.al\/old\/wp-json\/wp\/v2\/media?parent=3657"}],"curies":[{"name":"wp","href":"https:\/\/api.w.org\/{rel}","templated":true}]}}