{"id":3704,"date":"2021-04-06T10:53:50","date_gmt":"2021-04-06T10:53:50","guid":{"rendered":"http:\/\/localhost:8080\/wordpress\/?page_id=3704"},"modified":"2025-04-16T11:26:36","modified_gmt":"2025-04-16T11:26:36","slug":"pyetesori-i-studenteve","status":"publish","type":"page","link":"http:\/\/uogj.edu.al\/old\/pyetesori-i-studenteve\/","title":{"rendered":"Pyetesori i student\u00ebve"},"content":{"rendered":"\n<p><\/p>\n\n\n\n<p><\/p>\n\n\n\n<p class=\"has-text-align-center\">Do te gjeni &nbsp;bashkengjitur linkun per pyetesorin te shperndare gjate procesit mesimor per periudhen e pandemise:<\/p>\n\n\n\n<p><a href=\"https:\/\/forms.gle\/SpZqu6aP1u9DdwFk9\" target=\"_blank\" rel=\"noreferrer noopener\"><strong>https:\/\/forms.gle\/SpZqu6aP1u9DdwFk9<\/strong><\/a><\/p>\n\n\n\n<p><\/p>\n\n\n\n<p>Gjithashtu per \u00e7do lloj sqarimi ne lidhje me pyetesorin mund te na dergoni e-mail ne suport@uogj.edu.al<\/p>\n\n\n\n<p><\/p>\n\n\n\n<p><\/p>\n\n\n\n<figure class=\"wp-block-image size-full\"><img loading=\"lazy\" decoding=\"async\" width=\"850\" height=\"769\" src=\"https:\/\/uogj.edu.al\/old\/wp-content\/uploads\/2023\/10\/pyetesor-2022.jpg\" alt=\"\" class=\"wp-image-6392\"\/><\/figure>\n\n\n\n<p><\/p>\n\n\n\n<p>Ankesat mund ti vendosni kutine e ankesave fizikisht ose ne ne emailin e meposhtem.<\/p>\n\n\n\n<p><\/p>\n\n\n\n<div class=\"wp-block-media-text alignwide is-stacked-on-mobile\"><figure class=\"wp-block-media-text__media\"><img loading=\"lazy\" decoding=\"async\" width=\"412\" height=\"550\" src=\"http:\/\/uogj.edu.al\/wp-content\/uploads\/2021\/04\/ankesa.png\" alt=\"\" class=\"wp-image-3705 size-full\"\/><\/figure><div class=\"wp-block-media-text__content\">\n<p style=\"font-size:18px\">Per te qene sa me afer zgjidhjes se problematikave te ndryshme mund te dergoni e-mail:&nbsp;<strong><a href=\"mailto:ankesa@uogj.edu.al\">ankesa@uogj.edu.al<\/a><\/strong><\/p>\n<\/div><\/div>\n\n\n\n<HR>\n\n\n\n<h3>Ankesat n\u00eb UGj<\/h3>\n\n\n\n<fieldset class=\"powermail_fieldset powermail_fieldset_32 powermail_fieldset_error\"><legend class=\"powermail_legend\">Formulari Ankes\u00ebs q\u00eb plot\u00ebsohet<\/legend><div class=\"powermail_fieldwrap powermail_fieldwrap_type_input powermail_fieldwrap_em\u00ebr \"><label for=\"powermail_field_em\u00ebr\" class=\"powermail_label\" title=\"\">\n        Em\u00ebr<span class=\"mandatory\">*<\/span><\/label><div class=\"powermail_field\"><input required=\"required\" aria-required=\"true\" data-powermail-required-message=\"This field must be filled!\" class=\"powermail_input powermail_field_error\" id=\"powermail_field_em\u00ebr\" type=\"text\" name=\"tx_powermail_pi1[field][em\u00ebr]\" value=\"\" placeholder=\"\" aria-describedby=\"tx_powermail_pi1fieldem\u00ebr-errormessage\"><ul class=\"powermail-errors-list filled\" data-powermail-error=\"tx_powermail_pi1fieldem\u00ebr\" id=\"tx_powermail_pi1fieldem\u00ebr-errormessage\"><li>This field must be filled!<\/li><\/ul><\/div><\/div><div class=\"powermail_fieldwrap powermail_fieldwrap_type_input powermail_fieldwrap_mbiem\u00ebr  \"><label for=\"powermail_field_mbiem\u00ebr\" class=\"powermail_label\" title=\"\">\n        Mbiem\u00ebr<span class=\"mandatory\">*<\/span><\/label><div class=\"powermail_field\"><input required=\"required\" aria-required=\"true\" data-powermail-required-message=\"This field must be filled!\" class=\"powermail_input powermail_field_error\" id=\"powermail_field_mbiem\u00ebr\" type=\"text\" name=\"tx_powermail_pi1[field][mbiem\u00ebr]\" value=\"\" placeholder=\"\" aria-describedby=\"tx_powermail_pi1fieldmbiem\u00ebr-errormessage\"><ul class=\"powermail-errors-list filled\" data-powermail-error=\"tx_powermail_pi1fieldmbiem\u00ebr\" id=\"tx_powermail_pi1fieldmbiem\u00ebr-errormessage\"><li>This field must be filled!<\/li><\/ul><\/div><\/div><div class=\"powermail_fieldwrap powermail_fieldwrap_type_select powermail_fieldwrap_gjinia  \"><label for=\"powermail_field_gjinia\" class=\"powermail_label\" title=\"\">\n        Gjinia<span class=\"mandatory\">*<\/span><\/label><div class=\"powermail_field\"><select required=\"required\" aria-required=\"true\" data-powermail-required-message=\"This field must be filled!\" class=\"powermail_select\" id=\"powermail_field_gjinia\" name=\"tx_powermail_pi1[field][gjinia]\"><option value=\"Gjinia\">Gjinia<\/option><option value=\"Fem\u00ebr\">Fem\u00ebr<\/option><option value=\"Mashkull\">Mashkull<\/option><\/select><\/div><\/div><div class=\"powermail_fieldwrap powermail_fieldwrap_type_select powermail_fieldwrap_fakultete\"><label for=\"powermail_field_fakultete\" class=\"powermail_label\" title=\"\">\n        Fakultete<span class=\"mandatory\">*<\/span><\/label><div class=\"powermail_field\"><select required=\"required\" aria-required=\"true\" data-powermail-required-message=\"This field must be filled!\" class=\"powermail_select\" id=\"powermail_field_fakulte\" name=\"tx_powermail_pi1[field][fakulte]\"><option value=\"Zgjidh\">Zgjidh<\/option><option value=\"Fakulteti i Shkencave t\u00eb Natyr\u00ebs\">Fakulteti i Shkencave t\u00eb Natyr\u00ebs<\/option><option value=\"Fakulteti i Edukimit dhe Shkencave Shoq\u00ebrore \">Fakulteti i Edukimit dhe Shkencave Shoq\u00ebrore <\/option><option  value=\"Fakulteti Ekonomik\">Fakulteti Ekonomik <\/option><\/select><\/div><\/div><div class=\"powermail_fieldwrap powermail_fieldwrap_type_input powermail_fieldwrap_programiistudimit  \"><label for=\"powermail_field_programiistudimit\" class=\"powermail_label\" title=\"\">\n        Programi i Studimit<span class=\"mandatory\">*<\/span><\/label><div class=\"powermail_field\"><input required=\"required\" aria-required=\"true\" data-powermail-required-message=\"This field must be filled!\" class=\"powermail_input  \" id=\"powermail_field_programiistudimit\" type=\"text\" name=\"tx_powermail_pi1[field][programiistudimit]\" value=\"\"><\/div><\/div><div class=\"powermail_fieldwrap powermail_fieldwrap_type_input powermail_fieldwrap_nrunik  \"><label for=\"powermail_field_nrunik\" class=\"powermail_label\" title=\"\">\n        Nr. unik<span class=\"mandatory\">*<\/span><\/label><div class=\"powermail_field\"><input required=\"required\" aria-required=\"true\" data-powermail-required-message=\"This field must be filled!\" class=\"powermail_input  \" id=\"powermail_field_nrunik\" type=\"text\" name=\"tx_powermail_pi1[field][nrunik]\" value=\"\"><\/div><\/div><div class=\"powermail_fieldwrap powermail_fieldwrap_type_input powermail_fieldwrap_nrtelefonit  \"><label for=\"powermail_field_nrtelefonit\" class=\"powermail_label\" title=\"\">\n        Nr. telefonit<span class=\"mandatory\">*<\/span><\/label><div class=\"powermail_field\"><input required=\"required\" aria-required=\"true\" data-powermail-required-message=\"This field must be filled!\" pattern=\"^(\\+\\d{1,4}|0+\\d{1,5}|\\(\\d{1,5})[\\d\\s\\\/\\(\\)-]*\\d+$\" data-powermail-error-message=\"This is not a valid Phone Number!\" class=\"powermail_input  \" id=\"powermail_field_nrtelefonit\" type=\"tel\" name=\"tx_powermail_pi1[field][nrtelefonit]\" value=\"\"><\/div><\/div><div class=\"powermail_fieldwrap powermail_fieldwrap_type_input powermail_fieldwrap_e_mail  \"><label for=\"powermail_field_e_mail\" class=\"powermail_label\" title=\"\">\n        E-mail (vet\u00ebm email zyrtar UoGJ)<span class=\"mandatory\">*<\/span><\/label><div class=\"powermail_field\"><input required=\"required\" aria-required=\"true\" data-powermail-required-message=\"This field must be filled!\" data-powermail-error-message=\"This is not a valid email address!\" class=\"powermail_input powermail_field_error\" id=\"powermail_field_e_mail\" type=\"email\" name=\"tx_powermail_pi1[field][e_mail]\" value=\"\" placeholder=\"\" aria-describedby=\"tx_powermail_pi1fielde_mail-errormessage\"><ul class=\"powermail-errors-list filled\" data-powermail-error=\"tx_powermail_pi1fielde_mail\" id=\"tx_powermail_pi1fielde_mail-errormessage\"><li>This field must be filled!<\/li><\/ul><\/div><\/div><div class=\"powermail_fieldwrap powermail_fieldwrap_type_input powermail_fieldwrap_ankesaperdike  \"><label for=\"powermail_field_ankesaperdike\" class=\"powermail_label\" title=\"\">\n        Ndaj kujt adresohet ankesa<span class=\"mandatory\">*<\/span><\/label><div class=\"powermail_field\"><input required=\"required\" aria-required=\"true\" data-powermail-required-message=\"This field must be filled!\" class=\"powermail_input  \" id=\"powermail_field_ankesaperdike\" type=\"text\" name=\"tx_powermail_pi1[field][ankesaperdike]\" value=\"\"><\/div><\/div><div class=\"powermail_fieldwrap powermail_fieldwrap_type_textarea powermail_fieldwrap_pershkrimi detaje \"><label for=\"powermail_field_pershkrimi detaje\" class=\"powermail_label\" title=\"\">\n        P\u00ebrshkrimi detaje<span class=\"mandatory\">*<\/span><\/label><div class=\"powermail_field\"><textarea required=\"required\" aria-required=\"true\" data-powermail-required-message=\"This field must be filled!\" rows=\"5\" cols=\"20\" class=\"powermail_textarea powermail_field_error\" id=\"powermail_field_pershkrimi detaje\" name=\"tx_powermail_pi1[field][pershkrimi detaje]\" placeholder=\"\" aria-describedby=\"tx_powermail_pi1fieldpershkrimi detaje-errormessage\"><\/textarea><ul class=\"powermail-errors-list filled\" data-powermail-error=\"tx_powermail_pi1fieldpershkrimi detaje\" id=\"tx_powermail_pi1fieldpershkrimi detaje-errormessage\"><li>This field must be filled!<\/li><\/ul><\/div><\/div><div class=\"powermail_fieldwrap powermail_fieldwrap_type_submit powermail_fieldwrap_dergo email  \"><div class=\"powermail_field \"><input class=\"powermail_submit\" type=\"submit\" value=\"D\u00ebrgo email ankesa@uogj.edu.al\"><\/div><\/div><\/fieldset>\n\n\n\n<h3> <a href=\"https:\/\/mail.google.com\/mail\/compose=new\/\"> ankesa@uogj.edu.al  <\/a> <h3>\n\n\n\n<br>\n\n\n\n<h1>Ankesat n\u00eb UGj<\/h1>\n<p class=\"subtitle\"> Jemi gjithmon\u00eb pran\u00eb jush! M\u00eb d\u00ebrgo mesazh dhe do tju p\u00ebgjigjemi s\u00eb shpejti.<\/p>\n<div>\n<div class=\"contact-container\">\n<form id=\"ContactForm\" action=\"https:\/\/formsubmit.co\/ankesa@uogj.edu.al\" method= \"POST\">\n<div class=\"form-group\">\n<label for=\"name\"> Emri juaj<\/label>\n<input type= \"text\" id= \"name\" name= \"name\" required>\n<div>\n<div class=\"form-group\">\n<label for=\"surname\"> Mbiemri <\/label>\n<input type= \"text\" id= \"surname\" surname= \"surname\" required>\n<div>\n<div class=\"form-group\">\n<label for=\"cel\"> Celi <\/label>\n<input type= \"text\" id= \"cel\" cel= \"cel\" required>\n<div>\n  Gjinia<span class=\"mandatory\">*<\/span><\/label><div class=\"email_field\"><select required=\"required\" aria-required=\"true\" data-email-required-message=\"This field must be filled!\" class=\"email_select\" id=\"email_field_gjinia\" name=\"tx_email_pi1[field][gjinia]\"><option value=\"Gjinia\">Gjinia<\/option><option value=\"Fem\u00ebr\">Fem\u00ebr<\/option><option value=\"Mashkull\">Mashkull<\/option><\/select><\/div><\/div><div class=\"email_fieldwrap email_fieldwrap_type_select email_fieldwrap_fakultete\"><label for=\"email_field_fakultete\" class=\"email_label\" title=\"\">\n        Fakultete<span class=\"mandatory\">*<\/span><\/label><div class=\"email_field\"><select required=\"required\" aria-required=\"true\" data-email-required-message=\"This field must be filled!\" class=\"email_select\" id=\"email_field_fakulte\" name=\"tx_email_pi1[field][fakulte]\"><option value=\"Zgjidh\">Zgjidh<\/option><option value=\"Fakulteti i Shkencave t\u00eb Natyr\u00ebs\">Fakulteti i Shkencave t\u00eb Natyr\u00ebs<\/option><option value=\"Fakulteti i Edukimit dhe Shkencave Shoq\u00ebrore \">Fakulteti i Edukimit dhe Shkencave Shoq\u00ebrore <\/option><option  value=\"Fakulteti Ekonomik\">Fakulteti Ekonomik <\/option><\/select><\/div><\/div><div class=\"email_fieldwrap powermail_fieldwrap_type_input email_fieldwrap_programiistudimit  \"><label for=\"email_field_programiistudimit\" class=\"email_label\" title=\"\">\n        Programi i Studimit<span class=\"mandatory\">*<\/span><\/label><div class=\"email_field\"><input required=\"required\" aria-required=\"true\" data-email-required-message=\"This field must be filled!\" class=\"email_input  \" id=\"email_field_programiistudimit\" type=\"text\" name=\"tx_powermail_pi1[field][programiistudimit]\" value=\"\"><\/div><\/div><div class=\"email_fieldwrap email_fieldwrap_type_input email_fieldwrap_nrunik  \"><label for=\"email_field_nrunik\" class=\"email_label\" title=\"\">\n<div>\n<div class=\"form-group\">\n<label for=\"email\"> Email juaj<\/label>\n<input type=\"email\" id=\"email\" name= \"email\" required>\n<div>\n<div class=\"form-group\">\n<label for=\"subject\"> Subjekti<\/label>\n<input type=\"text\" id= \"subject\" name= \"subject\" required>\n<div>\n<div class=\"form-group\">\n<label for= \"message\"> P\u00ebrshkrimi juaj<\/label>\n<textarea id=\"message\" name= \"message\" required><\/textarea>\n<div>\n<! -- Redirect after submission -- >\n<input type= \"hidden\" name= \"next\"\nvalue=\"https:\/\/uogj.edu.al\/old\/pyetesori i studenteve\/\">\n<! -- Prevent spam submission -- >\n<input type= \"hidden\" name= \"captcha\" value= \"false\">\n<button type= \"submit\" class= \"submit\u2013btn\"> D\u00ebrgo mesazh<\/button>\n<\/form>\n<div class=\"contact-info\">\n<p> Mund ta nisni direkt n\u00eb:<\/p>\n<p class=\"email\">ankesa@uogj.edu.al <\/p>\n\n","protected":false},"excerpt":{"rendered":"<p>Do te gjeni &nbsp;bashkengjitur linkun per pyetesorin te shperndare gjate procesit mesimor per periudhen e pandemise: https:\/\/forms.gle\/SpZqu6aP1u9DdwFk9 Gjithashtu per \u00e7do [&hellip;]<\/p>\n","protected":false},"author":1,"featured_media":0,"parent":0,"menu_order":0,"comment_status":"closed","ping_status":"closed","template":"","meta":{"_monsterinsights_skip_tracking":false,"_monsterinsights_sitenote_active":false,"_monsterinsights_sitenote_note":"","_monsterinsights_sitenote_category":0,"footnotes":""},"class_list":["post-3704","page","type-page","status-publish","hentry"],"_links":{"self":[{"href":"http:\/\/uogj.edu.al\/old\/wp-json\/wp\/v2\/pages\/3704"}],"collection":[{"href":"http:\/\/uogj.edu.al\/old\/wp-json\/wp\/v2\/pages"}],"about":[{"href":"http:\/\/uogj.edu.al\/old\/wp-json\/wp\/v2\/types\/page"}],"author":[{"embeddable":true,"href":"http:\/\/uogj.edu.al\/old\/wp-json\/wp\/v2\/users\/1"}],"replies":[{"embeddable":true,"href":"http:\/\/uogj.edu.al\/old\/wp-json\/wp\/v2\/comments?post=3704"}],"version-history":[{"count":34,"href":"http:\/\/uogj.edu.al\/old\/wp-json\/wp\/v2\/pages\/3704\/revisions"}],"predecessor-version":[{"id":6873,"href":"http:\/\/uogj.edu.al\/old\/wp-json\/wp\/v2\/pages\/3704\/revisions\/6873"}],"wp:attachment":[{"href":"http:\/\/uogj.edu.al\/old\/wp-json\/wp\/v2\/media?parent=3704"}],"curies":[{"name":"wp","href":"https:\/\/api.w.org\/{rel}","templated":true}]}}