{"id":4420,"date":"2021-04-13T09:03:42","date_gmt":"2021-04-13T09:03:42","guid":{"rendered":"http:\/\/uogj.edu.al\/new\/?page_id=4420"},"modified":"2025-04-03T11:30:14","modified_gmt":"2025-04-03T11:30:14","slug":"akreditimi-i-programeve-te-studimit","status":"publish","type":"page","link":"http:\/\/uogj.edu.al\/old\/akreditimi-i-programeve-te-studimit\/","title":{"rendered":"Akreditimi i Programeve te Studimit"},"content":{"rendered":"\n<br>\n\n\n\n<p class=\"has-medium-font-size\"><a href=\"https:\/\/uogj.edu.al\/upload\/akreditim\/programet\/certifikata%20akreditimi%20programesh.pdf\">Certifikata t\u00eb programeve t\u00eb studimit t\u00eb akredituara<\/a><\/p>\n\n\n\n<iframe loading=\"lazy\" src=\"https:\/\/uogj.edu.al\/upload\/akreditim\/programet\/certifikata%20akreditimi%20programesh.pdf\" title=\" Certifikatat t\u00eb programeve t\u00eb studimit t\u00eb akredituara\" width=\"100%\" height=\"700\"><\/iframe>\n\n\n\n<br>\n\n\n\n<p>Univesiteti \u201cEqrem \u00c7abej \u201d Gjirokast\u00ebr , ka filluar procesin e vler\u00ebsimit t\u00eb&nbsp; brendsh\u00ebm t\u00eb cil\u00ebsis\u00eb n\u00eb kuad\u00ebr t\u00eb Akreditimit t\u00eb programeve&nbsp; t\u00eb studimit q\u00eb ofron n\u00eb tre nj\u00ebsit\u00eb krysore t\u00eb saj, n\u00eb p\u00ebrputhje me ligjin dhe aktet&nbsp; n\u00ebnligjore n\u00eb fuqi.<\/p>\n\n\n\n<br>\n\n\n\n<p><strong>Raportet e Vler\u00ebsimit t\u00eb Brensh\u00ebm n\u00eb kuad\u00ebr t\u00eb akreditimit t\u00eb programeve t\u00eb studimit.<\/strong><\/p>\n\n\n\n<figure class=\"wp-block-table\"><table><tbody><tr><td colspan=\"3\"><strong>Fakulteti i Edukimit dhe Shkencave Shoq\u00ebrore<\/strong><\/td><\/tr><tr><td>Nr.<\/td><td>Programi i studimit<\/td><td>Cikli i studimit<\/td><\/tr><tr><td>1.<\/td><td><a href=\"https:\/\/uogj.edu.al\/upload\/akreditim\/programet\/RVB%20programi%20i%20studimit%20%20Bachelor%20ne%20Histori%20-Gjeografi.pdf\" target=\"_blank\" rel=\"noreferrer noopener\">RVB Histori \u2013 Gjeografi<\/a><\/td><td>Cikli i pare \u201cBachelor\u201d<\/td><\/tr><tr><td>2.<\/td><td><a href=\"https:\/\/uogj.edu.al\/upload\/akreditim\/programet\/RVB%20programi%20i%20studimit%20%20Bachelor%20ne%20Gjuhe%20dhe%20Letersi%20shqipe.pdf\" target=\"_blank\" rel=\"noreferrer noopener\">RVB Gjuh\u00eb dhe Let\u00ebrsi Shqipe<\/a><\/td><td>Cikli i pare \u201cBachelor\u201d<\/td><\/tr><tr><td>3.<\/td><td><a href=\"https:\/\/uogj.edu.al\/upload\/akreditim\/programet\/RVB%20programi%20i%20studimit%20%20Bachelor%20ne%20Gjuhe%20Angleze.pdf\" target=\"_blank\" rel=\"noreferrer noopener\">RVB Gjuh\u00eb Angleze<\/a><\/td><td>Cikli i pare \u201cBachelor\u201d<\/td><\/tr><tr><td>4.<\/td><td><a href=\"https:\/\/uogj.edu.al\/upload\/akreditim\/programet\/RVB%20programi%20i%20studimit%20%20Bachelor%20ne%20Gjuh%c3%ab%20Let%c3%abrsi%20dhe%20Qytet%c3%abrim%20Grek.pdf\" target=\"_blank\" rel=\"noreferrer noopener\">RVB Gjuh\u00eb, Let\u00ebrsi dhe Qytet\u00ebrim Grek<\/a><\/td><td>Cikli i pare \u201cBachelor\u201d<\/td><\/tr><tr><td>5.<\/td><td><a href=\"https:\/\/uogj.edu.al\/upload\/akreditim\/programet\/RVB%20programi%20i%20studimit%20%20Bachelor%20ne%20mesuesi%20Arsim%20Parashkollor.pdf\" target=\"_blank\" rel=\"noreferrer noopener\">RVB M\u00ebsuesi p\u00ebr Arsimin Parashkollor<\/a><\/td><td>Cikli i pare \u201cBachelor\u201d<\/td><\/tr><tr><td>6.<\/td><td><a href=\"https:\/\/uogj.edu.al\/upload\/akreditim\/programet\/RVB%20programi%20i%20studimit%20%20Bachelor%20ne%20mesuesi%20per%20Arsimin%20Fillor.pdf\" target=\"_blank\" rel=\"noreferrer noopener\">RVB M\u00ebsuesi p\u00ebr Arsimin Fillor<\/a><\/td><td>Cikli i pare \u201cBachelor\u201d<\/td><\/tr><tr><td>7.<\/td><td><a href=\"https:\/\/uogj.edu.al\/upload\/akreditim\/programet\/RVB%20programi%20i%20studimit%20Master%20Profesional%20ne%20%20Mesues%20i%20Arsimit%20Special.pdf\" target=\"_blank\" rel=\"noreferrer noopener\">RVB M\u00ebsues n\u00eb Arsimin Special&nbsp;<\/a><\/td><td>Cikli i dyte \u201cMaster Profesional\u201d<\/td><\/tr><\/tbody><\/table><\/figure>\n\n\n\n<br>\n\n\n\n<figure class=\"wp-block-table\"><table><tbody><tr><td colspan=\"3\"><strong>Fakulteti Shkencave t\u00eb Natyr\u00ebs<\/strong><\/td><\/tr><tr><td>Nr.<\/td><td>Programi i studimit<\/td><td>Cikli i studimit<\/td><\/tr><tr><td>1.<\/td><td><a href=\"https:\/\/uogj.edu.al\/upload\/akreditim\/programet\/RVB%20programi%20i%20studimit%20%20Bachelor%20ne%20Matematik%c3%ab%20Informatik%c3%ab.pdf\" target=\"_blank\" rel=\"noreferrer noopener\">RVB Matematik\u00eb \u2013 Informatik\u00eb<\/a><\/td><td>Cikli i pare \u201cBachelor\u201d<\/td><\/tr><tr><td>2.<\/td><td><a href=\"https:\/\/uogj.edu.al\/upload\/akreditim\/programet\/RVB%20programi%20i%20studimit%20%20Bachelor%20ne%20Teknologji%20informacioni.pdf\" target=\"_blank\" rel=\"noreferrer noopener\">RVB Teknologji Informacioni<\/a><\/td><td>Cikli i pare \u201cBachelor\u201d<\/td><\/tr><tr><td>3.<\/td><td><a href=\"https:\/\/uogj.edu.al\/upload\/akreditim\/programet\/RVB%20programi%20i%20studimit%20%20Bachelor%20ne%20Biologji-Kimi.pdf\" target=\"_blank\" rel=\"noreferrer noopener\">RVB Biologji Kimi<\/a><\/td><td>Cikli i pare \u201cBachelor\u201d<\/td><\/tr><tr><td>4.<\/td><td><a href=\"https:\/\/uogj.edu.al\/upload\/akreditim\/programet\/RVB%20programi%20i%20studimit%20%20Bachelor%20ne%20Infermieri%20e%20pergjithshme.pdf\" target=\"_blank\" rel=\"noreferrer noopener\">RVB Infermieri e P\u00ebrgjithshme<\/a><\/td><td>Cikli i pare \u201cBachelor\u201d<\/td><\/tr><tr><td>5.<\/td><td><a href=\"https:\/\/uogj.edu.al\/upload\/akreditim\/programet\/RVB%20programi%20i%20studimit%20%20Bachelor%20ne%20Infermier%20Mami.pdf\" target=\"_blank\" rel=\"noreferrer noopener\">RVB Infermieri Mami<\/a><\/td><td>Cikli i pare \u201cBachelor\u201d<\/td><\/tr><tr><td>6.<\/td><td><a href=\"https:\/\/uogj.edu.al\/upload\/akreditim\/programet\/RVB%20per%20programin%20e%20studimit%20Master%20Profesional%20ne%20Shkencat%20Infermierore.pdf\" target=\"_blank\" rel=\"noreferrer noopener\">RVB Shkenca Infermierore<\/a><\/td><td>Cikli i dyte \u201cMaster Profesional\u201d<\/td><\/tr><\/tbody><\/table><\/figure>\n\n\n\n<br>\n\n\n\n<figure class=\"wp-block-table\"><table><tbody><tr><td colspan=\"3\"><strong>Fakulteti Ekonomik<\/strong><\/td><\/tr><tr><td>Nr.<\/td><td>Programi i studimit<\/td><td>Cikli i studimit<\/td><\/tr><tr><td>1.<\/td><td><a href=\"https:\/\/uogj.edu.al\/upload\/akreditim\/programet\/RVB%20programi%20i%20studimit%20%20Bachelor%20ne%20Kontabilitet%20Finance.pdf\" target=\"_blank\" rel=\"noreferrer noopener\">RVB Kontabilitet Financ\u00eb<\/a><\/td><td>Cikli i pare \u201cBachelor\u201d<\/td><\/tr><tr><td>2.<\/td><td><a href=\"https:\/\/uogj.edu.al\/upload\/akreditim\/programet\/RVB%20programi%20i%20studimit%20%20Bachelor%20ne%20Administrim%20Publik.pdf\" target=\"_blank\" rel=\"noreferrer noopener\">RVB Administrim Publik<\/a><\/td><td>Cikli i pare \u201cBachelor\u201d<\/td><\/tr><tr><td>3.<\/td><td><a href=\"https:\/\/uogj.edu.al\/upload\/akreditim\/programet\/RVB%20programi%20i%20studimit%20%20Bachelor%20ne%20Turizem.pdf\" target=\"_blank\" rel=\"noreferrer noopener\">RVB Turiz\u00ebm<\/a><\/td><td>Cikli i pare \u201cBachelor\u201d<\/td><\/tr><tr><td>4.<\/td><td><a href=\"https:\/\/uogj.edu.al\/upload\/akreditim\/programet\/RVB%20programi%20i%20studimit%20Master%20Profesional%20ne%20Kontabilitet%20Finance.pdf\" target=\"_blank\" rel=\"noreferrer noopener\">RVB Kontabilitet Financ\u00eb<\/a><\/td><td>Cikli i dyte \u201cMaster Profesional\u201d<\/td><\/tr><tr><td>5.<\/td><td><a href=\"https:\/\/uogj.edu.al\/upload\/akreditim\/programet\/RVB%20programi%20i%20studimit%20Master%20i%20Shkencave%20ne%20Financ%c3%ab%20Kontabilitet.pdf\" target=\"_blank\" rel=\"noreferrer noopener\">RVB Financ\u00eb Kontabilitet<\/a><\/td><td>Cikli i dyte \u201cMaster i Shkencave\u201d<\/td><\/tr><tr><td>6.<\/td><td><a href=\"https:\/\/uogj.edu.al\/upload\/akreditim\/programet\/RVB%20programi%20i%20studimit%20Master%20Profesional%20ne%20Administrim%20Publik.pdf\" target=\"_blank\" rel=\"noreferrer noopener\">RVB Administrim Publik<\/a><\/td><td>Cikli i dyte \u201cMaster Profesional\u201d<\/td><\/tr><tr><td>7.<\/td><td><a href=\"https:\/\/uogj.edu.al\/upload\/akreditim\/programet\/RVB%20programi%20i%20studimit%20Master%20Profesional%20%20ne%20%20Turizem.pdf\" target=\"_blank\" rel=\"noreferrer noopener\">RVB Turiz\u00ebm<\/a><\/td><td>Cikli i dyte \u201cMaster Profesional\u201d<\/td><\/tr><\/tbody><\/table><\/figure>\n\n\n\n<br>\n\n\n\n<p><strong>REFERENC\u00cb NGA AGJENSIA E SIGURIMIT T\u00cb CIL\u00cbSIS\u00cb N\u00cb ARSIMIN E LART\u00cb<\/strong><\/p>\n\n\n\n<p><strong>&nbsp;Link&nbsp; i ASCAL : <\/strong><a href=\"https:\/\/www.ascal.al\/sq\/informacione\/publikime\"><strong>https:\/\/www.ascal.al\/sq\/informacione\/publikime<\/strong><\/a><strong><\/strong><\/p>\n\n\n\n<p><strong>Model Raporti i vler\u00ebsimit t\u00eb brendsh\u00ebm &#8211;&nbsp;&nbsp; \u201cBACHELOR\u201d <\/strong><\/p>\n\n\n\n<p><strong>Model Raporti i vler\u00ebsimit t\u00eb brendsh\u00ebm &#8211;&nbsp;&nbsp; \u201cMaster Profesional \u201d <\/strong><\/p>\n\n\n\n<p><strong>Model Raporti i vler\u00ebsimit t\u00eb brendsh\u00ebm &#8211;&nbsp;&nbsp; \u201cMaster i Shkencave&nbsp; \u201d <\/strong><\/p>\n\n\n\n<p><strong>Model Raporti i vler\u00ebsimit t\u00eb brendsh\u00ebm &#8211;&nbsp;&nbsp; \u201cProgram profesional&nbsp; \u201d <\/strong><\/p>\n","protected":false},"excerpt":{"rendered":"<p>Certifikata t\u00eb programeve t\u00eb studimit t\u00eb akredituara Univesiteti \u201cEqrem \u00c7abej \u201d Gjirokast\u00ebr , ka filluar procesin e vler\u00ebsimit t\u00eb&nbsp; brendsh\u00ebm [&hellip;]<\/p>\n","protected":false},"author":1,"featured_media":0,"parent":0,"menu_order":0,"comment_status":"closed","ping_status":"closed","template":"","meta":{"_monsterinsights_skip_tracking":false,"_monsterinsights_sitenote_active":false,"_monsterinsights_sitenote_note":"","_monsterinsights_sitenote_category":0,"footnotes":""},"class_list":["post-4420","page","type-page","status-publish","hentry"],"_links":{"self":[{"href":"http:\/\/uogj.edu.al\/old\/wp-json\/wp\/v2\/pages\/4420"}],"collection":[{"href":"http:\/\/uogj.edu.al\/old\/wp-json\/wp\/v2\/pages"}],"about":[{"href":"http:\/\/uogj.edu.al\/old\/wp-json\/wp\/v2\/types\/page"}],"author":[{"embeddable":true,"href":"http:\/\/uogj.edu.al\/old\/wp-json\/wp\/v2\/users\/1"}],"replies":[{"embeddable":true,"href":"http:\/\/uogj.edu.al\/old\/wp-json\/wp\/v2\/comments?post=4420"}],"version-history":[{"count":16,"href":"http:\/\/uogj.edu.al\/old\/wp-json\/wp\/v2\/pages\/4420\/revisions"}],"predecessor-version":[{"id":6812,"href":"http:\/\/uogj.edu.al\/old\/wp-json\/wp\/v2\/pages\/4420\/revisions\/6812"}],"wp:attachment":[{"href":"http:\/\/uogj.edu.al\/old\/wp-json\/wp\/v2\/media?parent=4420"}],"curies":[{"name":"wp","href":"https:\/\/api.w.org\/{rel}","templated":true}]}}