{"id":5727,"date":"2022-02-22T11:17:29","date_gmt":"2022-02-22T11:17:29","guid":{"rendered":"https:\/\/uogj.edu.al\/?page_id=5727"},"modified":"2024-09-20T07:43:41","modified_gmt":"2024-09-20T07:43:41","slug":"marreveshje-mobiliteti","status":"publish","type":"page","link":"http:\/\/uogj.edu.al\/old\/marreveshje-mobiliteti\/","title":{"rendered":"Marr\u00ebveshje mobiliteti"},"content":{"rendered":"\n<p class=\"has-text-align-center\"><strong>MARR\u00cbVESHJE KA107<\/strong><\/p>\n\n\n\n<p>N\u00eb kuad\u00ebr t\u00eb nd\u00ebrkomb\u00ebtarizimit UGJ ka marr\u00ebveshje nd\u00ebr-institucionale (KA107) me institucione nd\u00ebrkomb\u00ebtare t\u00eb arsimit t\u00eb lart\u00eb me t\u00eb cilat bashk\u00ebpunon p\u00ebr shk\u00ebmbimin e student\u00ebve dhe stafit akademik \/ administrative. Personeli i UGJ dhe student\u00ebt informohen n\u00eb m\u00ebnyr\u00eb t\u00eb vazhdueshme rreth mund\u00ebsive t\u00eb mobilitetit p\u00ebr studim, praktik\u00eb m\u00ebsimore, m\u00ebsimdh\u00ebnie apo trajnim n\u00ebp\u00ebrmjet faqeve elektronike zyrtare t\u00eb UGJ (Web, Facebook, Instagram), takimeve informuese dhe afishimeve n\u00eb ambientet e universitetit.<\/p>\n\n\n\n<p>Marr\u00ebveshjet e bashk\u00ebpunimit nd\u00ebr-institucional synojn\u00eb t\u00eb rrisin mund\u00ebsit\u00eb e student\u00ebve dhe stafit akademik \/ administrative t\u00eb UGJ-s\u00eb p\u00ebr:<\/p>\n\n\n\n<ul class=\"wp-block-list\">\n<li>studim, trajnim dhe p\u00ebrvoja pun\u00ebsimi jasht\u00eb vendit;<\/li>\n\n\n\n<li>bashk\u00ebpunim me institucionet e arsimit t\u00eb lart\u00eb t\u00eb BE-s\u00eb p\u00ebr t\u00eb zhvilluar qasje t\u00eb reja n\u00eb m\u00ebsimdh\u00ebnie, harmonizimin e programeve, kualifikimin e vazhduar t\u00eb personeleve etj;<\/li>\n\n\n\n<li>bashk\u00ebpunim me institucionet e arsimit t\u00eb lart\u00eb dhe nd\u00ebrmarrjeve private e aktor\u00ebve t\u00eb tjer\u00eb me q\u00ebllim leht\u00ebsimin e transferimit t\u00eb dijeve, p\u00ebrshtatjen me nevojat e tregut t\u00eb pun\u00ebs, etj;<\/li>\n\n\n\n<li>zhvillimin e edukimit dixhital dhe p\u00ebrdorimit t\u00eb teknologjive te informacionit dhe komunikimit.<\/li>\n<\/ul>\n\n\n\n<br>\n\n\n\n<figure class=\"wp-block-table\"><table><tbody><tr><td><strong>NR<\/strong><\/td><td><strong>UNIVERSITETI<\/strong><\/td><td><strong>SHTETI<\/strong><\/td><td><strong>PERIUDHA E<\/strong> <strong>VLEFSHM\u00cbRIS\u00cb<\/strong><\/td><td><strong>STAF \/<\/strong> <strong>STUDENT\u00cb<\/strong><\/td><td><strong>FUSHAT<\/strong><\/td><\/tr><tr><td><strong>1<\/strong><\/td><td>IES ABASTOS, SPANJ\u00cb<\/td><td>SPANJ\u00cb<\/td><td>2024-2025<\/td><td>Student\u00eb<\/td><td>Ekonomi, TIK<\/td><\/tr><tr><td><strong>2<\/strong><\/td><td>IES ABASTOS, SPANJ\u00cb<\/td><td>SPANJ\u00cb<\/td><td>2023-2024<\/td><td>Staf<\/td><td>Ekonomi, Gjuh\u00eb, Let\u00ebrsi, IRO<\/td><\/tr><tr><td><strong>3<\/strong><\/td><td>CIPFP VALLE DE ELDA, SPANJ\u00cb<\/td><td>SPANJ\u00cb<\/td><td>2023-2024<\/td><td>Staf<\/td><td>Ekonomi, TIK, Histori, Gjeografi<\/td><\/tr><tr><td><strong>4<\/strong><\/td><td>CEBEM FORMACION PROFESIONAL SL, SPANJ\u00cb<\/td><td>SPANJ\u00cb<\/td><td>2023-2024<\/td><td>Staf \/Student\u00eb<\/td><td>Ekonomi, TIK, IRO<\/td><\/tr><tr><td><strong>5<\/strong><\/td><td>CENTRO INTEGRADO DE FORMACION PROFESIONAL SECTORES INDUSTRIAL Y SERVICIOS LA LABORAL, SPANJ\u00cb<\/td><td>SPANJ\u00cb<\/td><td>2023-2024<\/td><td>Staf \/Student\u00eb<\/td><td>Ekonomi, TIK, IRO<\/td><\/tr><tr><td><strong>6<\/strong><\/td><td>IES LUIS SEAONE, SPANJ\u00cb<\/td><td>SPANJ\u00cb<\/td><td>2023-2024<\/td><td>Staf \/Student\u00eb<\/td><td>Ekonomi, TIK, IRO<\/td><\/tr><tr><td><strong>7<\/strong><\/td><td>UNIVERSITETI I SHKENCAVE T\u00cb APLIKUARA GOLUCHOWSKI, POLONI<\/td><td>Poloni<\/td><td>2023-2024<\/td><td>Staf \/Student\u00eb<\/td><td>T\u00eb gjitha p\u00ebr stafin \/ Infermieri p\u00ebr student\u00ebt<\/td><\/tr><tr><td><strong>8<\/strong><\/td><td>IES RIBEIRA DE LUORO, SPANJE<\/td><td>SPANJ\u00cb<\/td><td>2023-2024<\/td><td>Student\u00eb<\/td><td>Ekonomi<\/td><\/tr><tr><td><strong>9<\/strong><\/td><td>UNIVERSITETI ARISTOTELE, SELANIK<\/td><td>GREQI<\/td><td>2022-2024<\/td><td>Staf \/Student\u00eb<\/td><td>T\u00eb gjitha<\/td><\/tr><tr><td><strong>10<\/strong><\/td><td>HELLENIC MEDITERRANEAN UNIVERSITY<\/td><td>GREQI<\/td><td>2022-2024<\/td><td>Staf \/ Student\u00eb<\/td><td>T\u00eb gjitha<\/td><\/tr><tr><td><strong>11<\/strong><\/td><td>IES RIBEIRA DE LUORO, SPANJE<\/td><td>SPANJ\u00cb<\/td><td>2022-2023<\/td><td>Staf \/ Student\u00eb<\/td><td>Ekonomi, IRO<\/td><\/tr><tr><td><strong>12<\/strong><\/td><td>IES TEIS, SPANJ\u00cb<\/td><td>SPANJ\u00cb<\/td><td>2022-2023<\/td><td>Staf \/ Student\u00eb<\/td><td>Teknologji informacioni<\/td><\/tr><tr><td><strong>13<\/strong><\/td><td>ESCUOLA SUPERIOR DE RESTAURATION DE BIENES CULTURALES, SPANJE<\/td><td>SPANJ\u00cb<\/td><td>2022-2023<\/td><td>Staf \/ Student\u00eb<\/td><td>Arkeologji<\/td><\/tr><tr><td><strong>14<\/strong><\/td><td>UNIVERSITA DI STRANIERI DI PERUGIA<\/td><td>ITALI<\/td><td>2021-2027<\/td><td>Student\u00eb<\/td><td>Gjuh\u00ebsi<\/td><\/tr><tr><td><strong>15<\/strong><\/td><td>UNIVERSITETI I SALENTOS<\/td><td>ITALI<\/td><td>2021-2027<\/td><td>Staf \/ Student\u00eb<\/td><td>Ekonomi<\/td><\/tr><tr><td><strong>16<\/strong><\/td><td>HELLENIC MEDITERRANEAN UNIVERSITY<\/td><td>GREQI<\/td><td>2021-2023<\/td><td>Staf \/ Student\u00eb<\/td><td>T\u00eb gjitha<\/td><\/tr><tr><td><strong>17<\/strong><\/td><td>UNIVERSITETI I JANINES<\/td><td>GREQI<\/td><td>2021-2022<\/td><td>Staf \/ Student\u00eb<\/td><td>Gjuh\u00eb greke, Metodologji e m\u00ebsimdh\u00ebnies<\/td><\/tr><tr><td><strong>18<\/strong><\/td><td>HELLENIC MEDITERRANEAN UNIVERSITY<\/td><td>GREQI<\/td><td>2020-2022<\/td><td>Staf \/ Student\u00eb<\/td><td>T\u00eb gjitha<\/td><\/tr><tr><td><strong>19<\/strong><\/td><td>UNIVERSITETI I MACERATES<\/td><td>ITALI<\/td><td>2019-2022<\/td><td>staff<\/td><td>Histori, Arkeologji<\/td><\/tr><tr><td><strong>20<\/strong><\/td><td>UNIVERSITETI ARISTOTELE, SELANIK<\/td><td>GREQI<\/td><td>2019-2021<\/td><td>Staf \/<\/td><td>T\u00eb gjitha<\/td><\/tr><tr><td><strong>21<\/strong><\/td><td>ESCUOLA SUPERIOR DE RESTAURATION DE BIENES CULTURALES, SPANJE<\/td><td>SPANJ\u00cb<\/td><td>2019-2020<\/td><td>Staf \/ Student\u00eb<\/td><td>Arkeologji<\/td><\/tr><tr><td><strong>22<\/strong><\/td><td>IES RIBEIRA DE LUORO, SPANJE<\/td><td>SPANJ\u00cb<\/td><td>2019-2020<\/td><td>Staf \/ Student\u00eb<\/td><td>Ekonomi, IRO<\/td><\/tr><tr><td><strong>23<\/strong><\/td><td>UNIVERSITETI I MOLISES<\/td><td>ITALI<\/td><td>2019-2021<\/td><td>Staf \/ Student\u00eb<\/td><td>Turiz\u00ebm<\/td><\/tr><tr><td><strong>24<\/strong><\/td><td>UNIVERSITETI I JANINES<\/td><td>GREQI<\/td><td>2018-2020<\/td><td>Staf \/ Student\u00eb<\/td><td>Gjuh\u00eb greke<\/td><\/tr><tr><td><strong>25<\/strong><\/td><td>UNIVERSITETI ADAM MICKIEWICZ<\/td><td>POLONI<\/td><td>2018-2020<\/td><td>Staf \/ Student\u00eb<\/td><td>Gjuh\u00ebsi, IRO<\/td><\/tr><tr><td><strong>26<\/strong><\/td><td>UNIVERSITETI I PATR\u00cbS<\/td><td>GREQI<\/td><td>2018-2020<\/td><td>Staf<\/td><td>Let\u00ebrsi, linguistik\u00eb<\/td><\/tr><tr><td><strong>27<\/strong><\/td><td>IES LUIS BUNUEL, SPANJ\u00cb<\/td><td>SPANJ\u00cb<\/td><td>2018-2019<\/td><td>Staf \/ Student\u00eb<\/td><td>Ekonomik<\/td><\/tr><tr><td><strong>28<\/strong><\/td><td>CENTRO INTEGRADO FP JUAN DE COLONIA<\/td><td>SPANJ\u00cb<\/td><td>2018-2019<\/td><td>Staf \/ Student\u00eb<\/td><td>Ekonomik<\/td><\/tr><tr><td><strong>29<\/strong><\/td><td>IES ALFONSO VIII<\/td><td>SPANJ\u00cb<\/td><td>2018-2019<\/td><td>Staf \/ Student\u00eb<\/td><td>Ekonomik<\/td><\/tr><tr><td><strong>30<\/strong><\/td><td>IES LUIS SEOANE<\/td><td>SPANJ\u00cb<\/td><td>2018-2019<\/td><td>Staf \/ Student\u00eb<\/td><td>Ekonomik<\/td><\/tr><tr><td><strong>31<\/strong><\/td><td>IES EL LAGO, SPANJE<\/td><td>SPANJ\u00cb<\/td><td>2018-2019<\/td><td>Staf \/ Student\u00eb<\/td><td>Ekonomik<\/td><\/tr><tr><td><strong>32<\/strong><\/td><td>IES MIGUEL DE CERVANTES<\/td><td>SPANJ\u00cb<\/td><td>2018-2019<\/td><td>Staf<\/td><td>Ekonomik<\/td><\/tr><tr><td><strong>33<\/strong><\/td><td>CEBEM FORMACION PROFESIONAL SL<\/td><td>SPANJ\u00cb<\/td><td>2018-2019<\/td><td>Staf<\/td><td>Ekonomik<\/td><\/tr><tr><td><strong>34<\/strong><\/td><td>ESCUOLA SUPERIOR DE ARTE DEL PRINCIPADO DE AUSTRIAS, SPANJE<\/td><td>SPANJ\u00cb<\/td><td>2018-2019<\/td><td>Staf<\/td><td>Arkeologji<\/td><\/tr><tr><td><strong>35<\/strong><\/td><td>ESCUOLA SUPERIOR DE RESTAURATION DE BIENES CULTURALES, SPANJE<\/td><td>SPANJ\u00cb<\/td><td>2018-2019<\/td><td>Staf \/ Student\u00eb<\/td><td>Arkeologji<\/td><\/tr><tr><td><strong>36<\/strong><\/td><td>HELLENIC MEDITERRANEAN UNIVERSITY<\/td><td>GREQI<\/td><td>2017-2021<\/td><td>Staf \/ Student\u00eb<\/td><td>T\u00eb gjitha<\/td><\/tr><tr><td><strong>37<\/strong><\/td><td>UNIVERSITETI ARISTOTELE, SELANIK<\/td><td>GREQI<\/td><td>2017-2019<\/td><td>Staf \/ Student\u00eb<\/td><td>T\u00eb gjitha<\/td><\/tr><tr><td><strong>38<\/strong><\/td><td>&nbsp; WEST ATTICA<\/td><td>GREQI<\/td><td>&nbsp; 2017-2019<\/td><td>Staf \/ Student\u00eb<\/td><td>Teknologji Informacioni<\/td><\/tr><tr><td><strong>39<\/strong><\/td><td>UNIVERSITETI I MAQEDONISE PERENDIMORE<\/td><td>GREQI<\/td><td>&nbsp; 2017-2019<\/td><td>Staf \/ Student\u00eb<\/td><td>Edukim, Teknologji Informacioni<\/td><\/tr><tr><td><strong>40<\/strong><\/td><td>IES TEIS<\/td><td>SPANJ\u00cb<\/td><td>2017-2019<\/td><td>Staf \/ Student\u00eb<\/td><td>Teknologji Informacioni<\/td><\/tr><tr><td><strong>41<\/strong><\/td><td>IES TEIS<\/td><td>SPANJ\u00cb<\/td><td>2016-2018<\/td><td>Staf \/ Student\u00eb<\/td><td>Teknologji Informacioni<\/td><\/tr><tr><td><strong>42<\/strong><\/td><td>ESCUOLA SUPERIOR DE RESTAURATION DE BIENES CULTURALES, SPANJE &nbsp;<\/td><td>SPANJ\u00cb<\/td><td>2016-2018<\/td><td>Staf \/ Student\u00eb<\/td><td>Trash\u00ebgimi kulturore<\/td><\/tr><tr><td><strong>43<\/strong><\/td><td>UNIVERSITETI ARISTOTELE, SELANIK<\/td><td>GREQI<\/td><td>2016-2018<\/td><td>Staf \/ Student\u00eb<\/td><td>T\u00eb gjitha<\/td><\/tr><tr><td><strong>44<\/strong><\/td><td>UNIVERSITETI ADAM MICKIEWICZ<\/td><td>POLONI<\/td><td>2016-2016<\/td><td>Staf \/ Student\u00eb<\/td><td>Gjuh\u00ebsi, IRO<\/td><\/tr><tr><td><strong>45<\/strong><\/td><td>Universiteti i Patr\u00ebs<\/td><td>GREQI<\/td><td>2015-2017<\/td><td>Staf \/ Student\u00eb<\/td><td>Filologji<\/td><\/tr><\/tbody><\/table><\/figure>\n","protected":false},"excerpt":{"rendered":"<p>MARR\u00cbVESHJE KA107 N\u00eb kuad\u00ebr t\u00eb nd\u00ebrkomb\u00ebtarizimit UGJ ka marr\u00ebveshje nd\u00ebr-institucionale (KA107) me institucione nd\u00ebrkomb\u00ebtare t\u00eb arsimit t\u00eb lart\u00eb me t\u00eb [&hellip;]<\/p>\n","protected":false},"author":3,"featured_media":0,"parent":0,"menu_order":0,"comment_status":"closed","ping_status":"closed","template":"","meta":{"_monsterinsights_skip_tracking":false,"_monsterinsights_sitenote_active":false,"_monsterinsights_sitenote_note":"","_monsterinsights_sitenote_category":0,"footnotes":""},"class_list":["post-5727","page","type-page","status-publish","hentry"],"_links":{"self":[{"href":"http:\/\/uogj.edu.al\/old\/wp-json\/wp\/v2\/pages\/5727"}],"collection":[{"href":"http:\/\/uogj.edu.al\/old\/wp-json\/wp\/v2\/pages"}],"about":[{"href":"http:\/\/uogj.edu.al\/old\/wp-json\/wp\/v2\/types\/page"}],"author":[{"embeddable":true,"href":"http:\/\/uogj.edu.al\/old\/wp-json\/wp\/v2\/users\/3"}],"replies":[{"embeddable":true,"href":"http:\/\/uogj.edu.al\/old\/wp-json\/wp\/v2\/comments?post=5727"}],"version-history":[{"count":10,"href":"http:\/\/uogj.edu.al\/old\/wp-json\/wp\/v2\/pages\/5727\/revisions"}],"predecessor-version":[{"id":6697,"href":"http:\/\/uogj.edu.al\/old\/wp-json\/wp\/v2\/pages\/5727\/revisions\/6697"}],"wp:attachment":[{"href":"http:\/\/uogj.edu.al\/old\/wp-json\/wp\/v2\/media?parent=5727"}],"curies":[{"name":"wp","href":"https:\/\/api.w.org\/{rel}","templated":true}]}}