{"id":6440,"date":"2024-01-08T11:01:09","date_gmt":"2024-01-08T11:01:09","guid":{"rendered":"https:\/\/uogj.edu.al\/old\/?page_id=6440"},"modified":"2026-03-09T10:53:19","modified_gmt":"2026-03-09T10:53:19","slug":"thirrje-per-projekte-2","status":"publish","type":"page","link":"http:\/\/uogj.edu.al\/old\/thirrje-per-projekte-2\/","title":{"rendered":"THIRRJE P\u00cbR PROJEKTE"},"content":{"rendered":"\n<iframe loading=\"lazy\" src=\"https:\/\/uogj.edu.al\/upload\/thirrje\/Thirrje%20p%C3%ABr%20projekte%20UGJ%20mars%202026.pdf\" title=\" Thirrje p\u00ebr aplikime p\u00ebr projekte k\u00ebrkimore - shkencore t\u00eb financuara nga UGJ.\" width=\"100%\" height=\"700\"><\/iframe>\n\n\n\n<br>\n\n\n\n<p style=\"font-size:15px\"><a href=\"https:\/\/uogj.edu.al\/upload\/thirrje\/Thirrje%20p%C3%ABr%20projekte%20UGJ%20mars%202026.pdf\">Thirrje p\u00ebr aplikime p\u00ebr projekte k\u00ebrkimore &#8211; shkencore t\u00eb financuara nga UGJ<\/a><\/p>\n\n\n\n<p style=\"font-size:15px\"><a href=\"https:\/\/uogj.edu.al\/upload\/thirrje\/ANEKS-1.-Forma-e-aplikimit-p%C3%ABr-projekte-t%C3%AB-UGJ.docx\">ANEKS-1. Forma e aplikimit p\u00ebr projekte t\u00eb UGJ-s\u00eb<\/a><\/p>\n\n\n\n<p style=\"font-size:15px\">\u00a0<a href=\"https:\/\/uogj.edu.al\/upload\/thirrje\/ANEKS-2.-Forma-e-Propozimit-Financiar-2026.xlsx\">ANEKS-2. Forma e Propozimit Financiar 2026<\/a><\/p>\n\n\n\n<br>\n\n\n\n<iframe loading=\"lazy\" src=\" https:\/\/uogj.edu.al\/upload\/thirrje\/Thirrje%20AKKSHI%20shkurt%202026.pdf\" title=\" Hapen thirrjet p\u00ebr shkrim projekt propozimesh n\u00eb kuad\u00ebr t\u00eb programeve t\u00eb financimit p\u00ebr vitin 2026 n\u00eb Shqip\u00ebri nga Agjensia Komb\u00ebtare e K\u00ebrkimit Shkencor dhe Inovacionit.\" width=\"100%\" height=\"700\"><\/iframe>\n\n\n\n<br>\n\n\n\n<p style=\"font-size:15px\"><a href=\"https:\/\/uogj.edu.al\/upload\/thirrje\/Thirrje%20AKKSHI%20shkurt%202026.pdf\">Hapen thirrjet p\u00ebr shkrim projekt propozimesh n\u00eb kuad\u00ebr t\u00eb programeve t\u00eb financimit p\u00ebr vitin 2026 n\u00eb Shqip\u00ebri nga Agjensia Komb\u00ebtare e K\u00ebrkimit Shkencor dhe Inovacionit.<\/a><\/p>\n\n\n\n<br>\n\n\n\n<iframe loading=\"lazy\" src=\" https:\/\/uogj.edu.al\/upload\/thirrje\/Thirrje%20AKKSHI%202026.pdf\" title=\" Hapen thirrjet p\u00ebr shkrim projekt propozimesh n\u00eb kuad\u00ebr t\u00eb programeve t\u00eb financimit p\u00ebr vitin 2026 n\u00eb Shqip\u00ebri nga Agjensia Komb\u00ebtare e K\u00ebrkimit Shkencor dhe Inovacionit.\" width=\"100%\" height=\"700\"><\/iframe>\n\n\n\n<br>\n\n\n\n<br>\n\n\n\n<iframe loading=\"lazy\" src=\"https:\/\/uogj.edu.al\/upload\/thirrje\/Thirrje%20AADF%202025.pdf \" title=\"Hapen thirrjet p\u00ebr shkrim projekt propozimesh mb\u00ebshtetur financiarisht nga AADF.\" width=\"100%\" height=\"700\"><\/iframe>\n\n\n\n<br>\n\n\n\n<p><a href=\"https:\/\/uogj.edu.al\/upload\/thirrje\/Thirrje%20AADF%202025.pdf\">Hapen thirrjet p\u00ebr shkrim projekt propozimesh mb\u00ebshtetur financiarisht nga AADF<\/a><\/p>\n\n\n\n<br>\n\n\n\n<iframe loading=\"lazy\" src=\" https:\/\/uogj.edu.al\/upload\/thirrje\/Thirrje%20p%C3%ABr%20projekte_AKKSHI%202025.pdf\" title=\"Hapet thirrja p\u00ebr mb\u00ebshtetjen e studimeve t\u00eb doktorat\u00ebs.\" width=\"100%\" height=\"700\"><\/iframe>\n\n\n\n<br>\n\n\n\n<iframe loading=\"lazy\" src=\" https:\/\/uogj.edu.al\/upload\/thirrje\/Thirrje%20p%C3%ABr%20projekte%20t%C3%AB%20financuar%20nga%20UGJ%202025.pdf \" title=\" Hapet thirrje p\u00ebr aplikime p\u00ebr projekte k\u00ebrkimore - shkencore t\u00eb financuara nga UGJ.\" width=\"100%\" height=\"700\"><\/iframe>\n\n\n\n<br>\n\n\n\n<p>Aneks 1:   <a href=\"https:\/\/uogj.edu.al\/upload\/thirrje\/ANEKS-1.-Forma-e-aplikimit-p%C3%ABr-projekte-t%C3%AB-UGJ%20(1).docx\">P\u00ebrshkrimin e detajuar t\u00eb projekt propozimit.<\/a><\/p>\n\n\n\n<p>Aneks 2:  <a href=\"https:\/\/uogj.edu.al\/upload\/thirrje\/ANEKS-2.-Forma-e-Propozimit-Financiar-2025.xlsx\">Buxhetin e detajuar t\u00eb parashikuar p\u00ebr projektin.<\/a><\/p>\n\n\n\n<iframe loading=\"lazy\" src=\" https:\/\/uogj.edu.al\/upload\/thirrje\/Thirrje%20IPA%20Crossborder%202025.pdf \" title=\" Hapet thirrja p\u00ebr shkrim projekt propozimesh n\u00eb kuad\u00ebr t\u00eb programit Interreg IPA Greqi - Shqip\u00ebri.\" width=\"100%\" height=\"700\"><\/iframe>\n\n\n\n<iframe loading=\"lazy\" src=\" https:\/\/uogj.edu.al\/upload\/thirrje\/Thirrje%20MSCA%202025.pdf\" title=\" Hapen thirrjet p\u00ebr shkrim projekt propozimesh MSCA COFUND 2025 (Marie Sklodowska-Curie Actions) n\u00eb kuad\u00ebr t\u00eb programit \u201cHorizon Europe\u201d.\" width=\"100%\" height=\"700\"><\/iframe>\n\n\n\n<iframe loading=\"lazy\" src=\" https:\/\/uogj.edu.al\/upload\/thirrje\/Thirrje_Rights%20of%20the%20Child%202025.pdf \" title=\" Hapen thirrjet p\u00ebr shkrim projekt propozimesh n\u00eb kuad\u00ebr t\u00eb programit \u201cQytetar\u00ebt, Barazia, t\u00eb Drejtat dhe Vlerat\u201d (Citizens, Equality, Rights and Values Programme (CERV)) me tem\u00eb \u201cT\u00eb drejtat dhe pjes\u00ebmarrja e f\u00ebmij\u00ebve\u201d (Rights of the child and children\u2019s participation (CERV-2025-CHILD)).\" width=\"100%\" height=\"700\"><\/iframe>\n\n\n\n<iframe loading=\"lazy\" src=\" https:\/\/uogj.edu.al\/upload\/thirrje\/Thirrje%20Innovative%20Health2025.pdf \" title=\" Hapen thirrjet p\u00ebr shkrim projekt propozimesh n\u00eb kuad\u00ebr t\u00eb programit Horizon Europe me tem\u00eb Iniciativa Inovative Sh\u00ebndet\u00ebsore (Innovative Health Initiative JU Call 9).\" width=\"100%\" height=\"700\"><\/iframe>\n\n\n\n<br>\n\n\n\n<p class=\"has-medium-font-size\"><a href=\"https:\/\/uogj.edu.al\/upload\/thirrje\/Thirrje%20Erasmus+2005.pdf\">Hapen thirrjet p\u00ebr shkrim projekt propozimesh n\u00eb kuad\u00ebr t\u00eb Programit Erasmus+<\/a><\/p>\n\n\n\n<p class=\"has-medium-font-size\"><a href=\"https:\/\/uogj.edu.al\/upload\/thirrje\/Thirrje%20p%C3%ABr%20projekte%20AKKSHI%202024.pdf\">Hapen thirrjet p\u00ebr shkrim projekt propozimesh n\u00eb kuad\u00ebr t\u00eb programeve t\u00eb financimit p\u00ebr vitin 2025 n\u00eb Shqip\u00ebri nga Agjensia Komb\u00ebtare e K\u00ebrkimit Shkencor dhe Inovacionit .<\/a><\/p>\n\n\n\n<p class=\"has-medium-font-size\"><a href=\"https:\/\/uogj.edu.al\/upload\/thirrje\/IAP%202024.pdf\">Hapen thirrjet p\u00ebr shkrim projekt propozimesh n\u00eb kuad\u00ebr t\u00eb programit The Interacademy Partnership (IAP).<\/a><\/p>\n\n\n\n<p class=\"has-medium-font-size\"><a href=\"https:\/\/uogj.edu.al\/upload\/thirrje\/READ%202024.pdf\">Hapen thirrjet p\u00ebr shkrim projekt propozimesh n\u00eb kuad\u00ebr t\u00eb programit Research Expertise from Academic Diaspora (READ).<\/a><\/p>\n\n\n\n<p class=\"has-medium-font-size\"><a rel=\"noreferrer noopener\" href=\"https:\/\/www.uogj.edu.al\/upload\/thirrje\/Thirrja%20e%20dyt%C3%AB%20p%C3%ABr%20projekte%20k%C3%ABrkimore-shkencore.pdf\" target=\"_blank\">Thirrja e dyt\u00eb &nbsp;p\u00ebr &nbsp;aplikime &nbsp;p\u00ebr &nbsp;projekte&nbsp; k\u00ebrkimore &nbsp;&#8211; shkencore<\/a><\/p>\n\n\n\n<p class=\"has-medium-font-size\">ANEKS-1a. <strong><a href=\"https:\/\/www.uogj.edu.al\/upload\/thirrje\/ANEKS-1.%20Forma-e-aplikimit-p%C3%ABr-projekte-t%C3%AB-UGJ.pdf\"> <\/a><\/strong><a href=\"https:\/\/www.uogj.edu.al\/upload\/thirrje\/ANEKS-1a.%20Forma-e-aplikimit-p%C3%ABr-projekte-t%C3%AB-UGJ.pdf\">Forma e aplikimit p\u00ebr projekte t\u00eb UGJ-s\u00eb<\/a><\/p>\n\n\n\n<p class=\"has-medium-font-size\">ANEKS-2a. <a href=\"https:\/\/www.uogj.edu.al\/upload\/thirrje\/ANEKS-2a.%20Forma-e-Propozimit-Financiar-2024.pdf\"> Forma e Propozimit Financiar 2024<\/a><\/p>\n\n\n\n<p class=\"has-medium-font-size\">Hapen  <a href=\"https:\/\/www.uogj.edu.al\/upload\/thirrje\/Thirrje%20per%20projekte_UGJ.pdf\">thirrjet &nbsp;p\u00ebr &nbsp;aplikime &nbsp;p\u00ebr &nbsp;projekte&nbsp; k\u00ebrkimore &nbsp;&#8211; shkencore<\/a><\/p>\n\n\n\n<p><a href=\"https:\/\/www.uogj.edu.al\/upload\/thirrje\/Njoftim%20p%C3%ABr%20shtyrje%20afati%20per%20aplikim%20projekte%202024.pdf\" target=\"_blank\" rel=\"noreferrer noopener\">Njoftim p\u00ebr shtyrje afati per aplikime projektesh kerkimore shkencore deri me <strong>5 korrik 2024<\/strong><\/a><\/p>\n\n\n\n<p class=\"has-medium-font-size\">ANEKS-1. <strong><a href=\"https:\/\/www.uogj.edu.al\/upload\/thirrje\/ANEKS-1.%20Forma-e-aplikimit-p%C3%ABr-projekte-t%C3%AB-UGJ.pdf\"> <\/a><\/strong><a href=\"https:\/\/www.uogj.edu.al\/upload\/thirrje\/ANEKS-1.%20Forma-e-aplikimit-p%C3%ABr-projekte-t%C3%AB-UGJ.pdf\">Forma e aplikimit p\u00ebr projekte t\u00eb UGJ-s\u00eb<\/a><\/p>\n\n\n\n<p class=\"has-medium-font-size\">ANEKS-2. <a href=\"https:\/\/www.uogj.edu.al\/upload\/thirrje\/ANEKS-2.%20Forma-e-Propozimit-Financiar-2024.pdf\"> Forma e Propozimit Financiar 2024<\/a><\/p>\n\n\n\n<p><\/p>\n\n\n\n<p>Hapen thirrjet p\u00ebr shkrim project propozimesh n\u00eb kuad\u00ebr t\u00eb programit Horizon Europe &#8211; ERA<\/p>\n\n\n\n<p><br>Hapet thirrja p\u00ebr aplikime p\u00ebr p\u00ebrfitim grantesh nga Fondi i K\u00ebrkimit AUAP 2023<\/p>\n\n\n\n<p><br>Hapet thirrja p\u00ebr projekte k\u00ebrkimore shkencore<\/p>\n\n\n\n<p><br>Hapet thirrja p\u00ebr shkrim projektesh n\u00eb kuad\u00ebr t\u00eb programit Erasmus+<\/p>\n","protected":false},"excerpt":{"rendered":"<p>Thirrje p\u00ebr aplikime p\u00ebr projekte k\u00ebrkimore &#8211; shkencore t\u00eb financuara nga UGJ ANEKS-1. Forma e aplikimit p\u00ebr projekte t\u00eb UGJ-s\u00eb [&hellip;]<\/p>\n","protected":false},"author":3,"featured_media":0,"parent":0,"menu_order":0,"comment_status":"closed","ping_status":"closed","template":"","meta":{"_monsterinsights_skip_tracking":false,"_monsterinsights_sitenote_active":false,"_monsterinsights_sitenote_note":"","_monsterinsights_sitenote_category":0,"footnotes":""},"class_list":["post-6440","page","type-page","status-publish","hentry"],"_links":{"self":[{"href":"http:\/\/uogj.edu.al\/old\/wp-json\/wp\/v2\/pages\/6440"}],"collection":[{"href":"http:\/\/uogj.edu.al\/old\/wp-json\/wp\/v2\/pages"}],"about":[{"href":"http:\/\/uogj.edu.al\/old\/wp-json\/wp\/v2\/types\/page"}],"author":[{"embeddable":true,"href":"http:\/\/uogj.edu.al\/old\/wp-json\/wp\/v2\/users\/3"}],"replies":[{"embeddable":true,"href":"http:\/\/uogj.edu.al\/old\/wp-json\/wp\/v2\/comments?post=6440"}],"version-history":[{"count":32,"href":"http:\/\/uogj.edu.al\/old\/wp-json\/wp\/v2\/pages\/6440\/revisions"}],"predecessor-version":[{"id":7038,"href":"http:\/\/uogj.edu.al\/old\/wp-json\/wp\/v2\/pages\/6440\/revisions\/7038"}],"wp:attachment":[{"href":"http:\/\/uogj.edu.al\/old\/wp-json\/wp\/v2\/media?parent=6440"}],"curies":[{"name":"wp","href":"https:\/\/api.w.org\/{rel}","templated":true}]}}