{"id":6444,"date":"2024-01-08T11:01:09","date_gmt":"2024-01-08T11:01:09","guid":{"rendered":"https:\/\/uogj.edu.al\/old\/?page_id=6444"},"modified":"2024-09-23T10:05:03","modified_gmt":"2024-09-23T10:05:03","slug":"projekte-te-financuara-nga-ambasada-amerikane","status":"publish","type":"page","link":"http:\/\/uogj.edu.al\/old\/projekte-te-financuara-nga-ambasada-amerikane\/","title":{"rendered":"PROJEKTE TE FINANCUARA NGA AMBASADA AMERIKANE"},"content":{"rendered":"\n<p><strong>PROJEKTE T\u00cb MB\u00cbSHTETUR NGA AMBASADA AMERIKANE<\/strong><\/p>\n\n\n\n<h1 class=\"wp-block-heading has-medium-font-size\">1.&nbsp;&nbsp; EDUKIMI P\u00cbR MEDIAN DHE INFORMACIONIN<\/h1>\n\n\n\n<p><strong>Koh\u00ebzgjatja e projektit: <\/strong>Qershor \u2013 Tetor 2024 <strong>Zbatues: <\/strong>Instituti Shqiptar i Medias <strong>Mb\u00ebshtetur: <\/strong>Ambasada e ShBA<\/p>\n\n\n\n<p><strong>Q\u00ebllimi i projektit: <\/strong>Q\u00ebllimi kryesor \u00ebsht\u00eb q\u00eb t\u00eb zhvillohet nj\u00eb kuptim i fort\u00eb mbi rolin e medias n\u00eb shoq\u00ebrin\u00eb moderne dhe impaktin e saj n\u00eb formimin e opinionit publik.<\/p>\n\n\n\n<p><strong>P\u00ebrshkrimi i projektit: <\/strong>N\u00eb programet e ofruara nga Departamenti i gjuh\u00ebve t\u00eb huaja kjo l\u00ebnd\u00eb do t\u00eb jet\u00eb nj\u00eb l\u00ebnd\u00eb specifike e cila do t\u00eb zhvillohet me student\u00ebt e ciklit t\u00eb par\u00eb \u201cBachelor n\u00eb Gjuh\u00eb angleze\u201d dhe student\u00ebt e t\u00eb ciklit t\u00eb dyt\u00eb \u201cMaster n\u00eb Gjuh\u00eb angleze\u201d. L\u00ebnda do t\u00eb zhvillohet fillimisht si l\u00ebnd\u00eb me zgjedhje n\u00eb nj\u00eb semest\u00ebr, e organizuar n\u00eb 15 leksione\/15 seminare. Synimi i l\u00ebnd\u00ebs \u00ebsht\u00eb q\u00eb m\u00ebsuesit e ardhsh\u00ebm t\u00eb zhvillojn\u00eb aft\u00ebsit\u00eb p\u00ebrzgjedh\u00ebse, analizuaese dhe vler\u00ebsuese n\u00eb p\u00ebrthithjen e informacionit dhe t\u00eb mbajn\u00eb q\u00ebndrim kritik p\u00ebr p\u00ebrzgjedhjen dhe p\u00ebrdorimin e tyre, si dhe p\u00ebr t\u00eb mund\u00ebsuar transferimin e k\u00ebtyre aft\u00ebsive nd\u00ebr nx\u00ebn\u00ebsit e tyre t\u00eb ardhsh\u00ebm.<\/p>\n\n\n\n<p>N\u00ebp\u00ebrmjet k\u00ebtij moduli, individ\u00ebt, ve\u00e7an\u00ebrisht brezi i ri, do t\u00eb zhvillojn\u00eb aft\u00ebsi t\u00eb mendimit kritik lidhur me median, duke u mund\u00ebsuar t\u00eb dekonstruojn\u00eb mesazhet mediatike dhe t\u00eb lexojn\u00eb p\u00ebrtej sip\u00ebrfaqes s\u00eb tyre. Do t\u00eb trajtohen njohurit\u00eb dhe kompetencat e nevojshme p\u00ebr t\u00eb dalluar paragjykimin, dezinformimin, manipulimin apo lajmet e rreme, duke zbuluar informacionin q\u00eb \u00ebsht\u00eb harruar ose deformuar kontekstualisht, duke identifikuar reklamat e fshehura, etj.<\/p>\n\n\n\n<h1 class=\"wp-block-heading has-medium-font-size\">2.&nbsp;&nbsp; PROJEKT STUDENTOR: VLER\u00cbSIM I INFORMACIONIT MEDIATIC NGA STUDENT\u00cbT DHE INTEGRIMI I TIJ P\u00cbR EDUKIMIN E F\u00cbMIJ\u00cbVE ME AFT\u00cbSI NDRYSHE<\/h1>\n\n\n\n<p><strong>Periudha: <\/strong>N\u00ebntor \u2013 Djetor 2023 <strong>Financues: <\/strong>Instituti Shqiptar i Medias <strong>Mb\u00ebshtetur: <\/strong>Ambasada e ShBA n\u00eb Tiran\u00eb<\/p>\n\n\n\n<p><strong>PJES\u00cbMARR\u00cbS: <\/strong>Student\u00ebt e Universitetit \u201cEqrem \u00c7abej\u201d, Fakulteti i Edukimit dhe Shkencave Shoq\u00ebrore, Nj\u00ebsia Baz\u00eb e Edukimit dhe Metodologjis\u00eb s\u00eb M\u00ebsimdh\u00ebnies.<\/p>\n\n\n\n<h2 class=\"wp-block-heading has-medium-font-size\">OBJEKTIVAT:<\/h2>\n\n\n\n<p>N\u00ebp\u00ebrmjet k\u00ebtij projekti studentor synohet q\u00eb t\u00eb kuptohet dhe vler\u00ebsohet nga student\u00ebt\/tet r\u00ebnd\u00ebsia e edukimit dhe komunikimit mediatik n\u00eb funksion t\u00eb formimit dhe edukimit t\u00eb f\u00ebmij\u00ebve m\u00eb aft\u00ebsi ndryshe.<\/p>\n\n\n\n<p>N\u00eb m\u00ebnyr\u00eb m\u00eb specifike synohet q\u00eb:<\/p>\n\n\n\n<ul class=\"wp-block-list\">\n<li>t\u00eb studiohet nga student\u00ebt se si edukimi mediatik sjell ndikime pozitive q\u00eb lidhen me pasurimin e njohurive, perceptimeve dhe sjelljeve;<\/li>\n\n\n\n<li>t\u00eb p\u00ebrgatiten student\u00ebt p\u00ebr tu m\u00ebsuar f\u00ebmij\u00ebve me aft\u00ebsi ndryshe m\u00ebnyra alternative p\u00ebr t\u00eb analizuar dhe reflektuar mbi mesazhet mediatike;<\/li>\n\n\n\n<li>t\u00eb aft\u00ebsohen f\u00ebmij\u00ebt me aft\u00ebsi ndryshe p\u00ebr t\u00eb kuptuar dhe deshifruar drejt mesazhet e medias duke vler\u00ebsuar kuptimet e drejtp\u00ebrdrejta apo t\u00eb n\u00ebnkuptuara;<\/li>\n\n\n\n<li>t\u00eb hartohen dhe komunikohen mesazhe efektive mediatike duke zhvilluar aft\u00ebsin\u00eb e t\u00eb menduarit kritik te f\u00ebmij\u00ebt me aft\u00ebsi ndryshe.<\/li>\n<\/ul>\n\n\n\n<h2 class=\"wp-block-heading has-medium-font-size\">P\u00ebrshkrimi i projektit<\/h2>\n\n\n\n<p>Projekti mb\u00ebshtetet n\u00eb tre aktivitete baz\u00eb:<\/p>\n\n\n\n<ol class=\"wp-block-list\" type=\"a\">\n<li>Hartimi dhe plot\u00ebsimi i nj\u00eb pyet\u00ebsori mbi Media Literacy nga nj\u00eb num\u00ebr i caktuar f\u00ebmij\u00ebsh me aft\u00ebsi ndryshe q\u00eb studiojn\u00eb n\u00eb shkollat 9-vje\u00e7are t\u00eb qytetit t\u00eb Gjirokastr\u00ebs dhe nj\u00eb num\u00ebr i caktuar student\u00ebsh q\u00eb studiojn\u00eb n\u00eb Nj\u00ebsin\u00eb Baz\u00eb t\u00eb Edukimit dhe Metodologjis\u00eb s\u00eb M\u00ebsimdh\u00ebnies.<ol><li>Nd\u00ebrtimi i nj\u00eb raporti, nga student\u00ebt t\u00eb mb\u00ebshtetur nga stafi akademik, mbi gjetjet e pyet\u00ebsorit t\u00eb plot\u00ebsuar n\u00eb faz\u00ebn e par\u00eb t\u00eb projektit.<\/li><\/ol>\n<ol class=\"wp-block-list\">\n<li>Workshop p\u00ebr nd\u00ebrgjegj\u00ebsimin e pal\u00ebve t\u00eb interesuara dhe shp\u00ebrndarjen e gjetjeve, konkluzioneve dhe sugjerimeve t\u00eb projektit mbi aft\u00ebsit\u00eb e f\u00ebmij\u00ebve me aft\u00ebsi ndryshe p\u00ebr t\u00eb lexuar si\u00e7 duhet mesazhet mediatike.<\/li>\n<\/ol>\n<\/li>\n<\/ol>\n\n\n\n<h1 class=\"wp-block-heading has-medium-font-size\">3.&nbsp;&nbsp; MEDIA AND INFORMATION LITERACY P\u00cbR M\u00cbSUESIT E ARDHSH\u00cbM<\/h1>\n\n\n\n<p><strong>Periudha: <\/strong>Janar \u2013 Djetor 2023 <strong>Zbatues: <\/strong>Instituti Shqiptar i Medias <strong>Mb\u00ebshtetur: <\/strong>Ambasada e ShBA<\/p>\n\n\n\n<h2 class=\"wp-block-heading has-medium-font-size\">UNIVERSITETET PJES\u00cbMARR\u00cbSE:<\/h2>\n\n\n\n<ul class=\"wp-block-list\">\n<li>Universiteti i Tiran\u00ebs<\/li>\n\n\n\n<li>Fakulteti i Gjuh\u00ebve t\u00eb Huaja<\/li>\n\n\n\n<li>Fakulteti Histori-Filologji<\/li>\n\n\n\n<li>Fakulteti i Shkencave t\u00eb Natyr\u00ebs<\/li>\n\n\n\n<li>Fakulteti i Shkencave Sociale<\/li>\n\n\n\n<li>Universiteti Luigj Gurakuqi, Shkod\u00ebr<\/li>\n\n\n\n<li>Universiteti Aleksand\u00ebr Xhuvani, Elbasan<\/li>\n<\/ul>\n\n\n\n<ul class=\"wp-block-list\">\n<li>Universiteti Fan Noli, Kor\u00e7\u00eb<\/li>\n\n\n\n<li>Universiteti Ismail Qemali, Vlor\u00eb<\/li>\n\n\n\n<li>Universiteti Eqrem \u00c7abej, Gjirokast\u00ebr<\/li>\n\n\n\n<li>Universiteti Aleksand\u00ebr Moisiu, Durr\u00ebs<\/li>\n\n\n\n<li>Kolegji Universitar Beder (pjes\u00ebmarr\u00ebs p\u00ebr her\u00eb t\u00eb dyt\u00eb)<\/li>\n<\/ul>\n\n\n\n<h2 class=\"wp-block-heading has-medium-font-size\">OBJEKTIVAT:<\/h2>\n\n\n\n<ul class=\"wp-block-list\">\n<li>P\u00ebrgatitja\/finalizimi i nj\u00eb kurrikule n\u00eb Media Literacy<ul><li>Futja si l\u00ebnd\u00eb me zgjedhje n\u00eb programet e m\u00ebsuesis\u00eb n\u00eb vitin akademik 2023- 2024<\/li><\/ul><ul><li>Trajnimi dhe p\u00ebrgatitja e pedagog\u00ebve q\u00eb do t\u00eb japin k\u00ebt\u00eb l\u00ebnd\u00eb<\/li><\/ul>\n<ul class=\"wp-block-list\">\n<li>Organizimi i aktiviteteve informuese dhe nd\u00ebrgjegj\u00ebsimi i student\u00ebve dhe pedagog\u00ebve q\u00eb Media Literacy nuk \u00ebsht\u00eb nj\u00eb l\u00ebnd\u00eb q\u00eb i p\u00ebrket vet\u00ebm programeve t\u00eb gazetaris\u00eb.<\/li>\n<\/ul>\n<\/li>\n<\/ul>\n\n\n\n<h2 class=\"wp-block-heading has-medium-font-size\">P\u00ebrshkrimi i projektit<\/h2>\n\n\n\n<p>Nd\u00ebrhyrjet e MIL n\u00eb nivel universitar do t\u00eb planifikohen n\u00eb tre nivele:<\/p>\n\n\n\n<ol class=\"wp-block-list\" type=\"1\">\n<li>operacionale (duke p\u00ebrfshir\u00eb promovimin dhe nd\u00ebrgjegj\u00ebsimin<\/li>\n<\/ol>\n\n\n\n<ul class=\"wp-block-list\">\n<li>analitike (t\u00eb kuptuarit e medias, t\u00eb menduarit kritik, aft\u00ebsit\u00eb analitike, verifikimi i burimeve, identifikimi i lajmeve t\u00eb rreme, dezinformimi dhe propaganda, etj.)<\/li>\n\n\n\n<li>krijuese (zhvillimi i aft\u00ebsis\u00eb p\u00ebr t\u00eb krijuar p\u00ebrmbajtje si dhe p\u00ebr ta publikuar at\u00eb). Ky projekt trajton tre nivelet e nd\u00ebrhyrjes efektive t\u00eb MIL n\u00eb universitete.<\/li>\n<\/ul>\n","protected":false},"excerpt":{"rendered":"<p>PROJEKTE T\u00cb MB\u00cbSHTETUR NGA AMBASADA AMERIKANE 1.&nbsp;&nbsp; EDUKIMI P\u00cbR MEDIAN DHE INFORMACIONIN Koh\u00ebzgjatja e projektit: Qershor \u2013 Tetor 2024 Zbatues: [&hellip;]<\/p>\n","protected":false},"author":3,"featured_media":0,"parent":0,"menu_order":0,"comment_status":"closed","ping_status":"closed","template":"","meta":{"_monsterinsights_skip_tracking":false,"_monsterinsights_sitenote_active":false,"_monsterinsights_sitenote_note":"","_monsterinsights_sitenote_category":0,"footnotes":""},"class_list":["post-6444","page","type-page","status-publish","hentry"],"_links":{"self":[{"href":"http:\/\/uogj.edu.al\/old\/wp-json\/wp\/v2\/pages\/6444"}],"collection":[{"href":"http:\/\/uogj.edu.al\/old\/wp-json\/wp\/v2\/pages"}],"about":[{"href":"http:\/\/uogj.edu.al\/old\/wp-json\/wp\/v2\/types\/page"}],"author":[{"embeddable":true,"href":"http:\/\/uogj.edu.al\/old\/wp-json\/wp\/v2\/users\/3"}],"replies":[{"embeddable":true,"href":"http:\/\/uogj.edu.al\/old\/wp-json\/wp\/v2\/comments?post=6444"}],"version-history":[{"count":7,"href":"http:\/\/uogj.edu.al\/old\/wp-json\/wp\/v2\/pages\/6444\/revisions"}],"predecessor-version":[{"id":6702,"href":"http:\/\/uogj.edu.al\/old\/wp-json\/wp\/v2\/pages\/6444\/revisions\/6702"}],"wp:attachment":[{"href":"http:\/\/uogj.edu.al\/old\/wp-json\/wp\/v2\/media?parent=6444"}],"curies":[{"name":"wp","href":"https:\/\/api.w.org\/{rel}","templated":true}]}}