{"id":6445,"date":"2024-01-08T11:01:09","date_gmt":"2024-01-08T11:01:09","guid":{"rendered":"https:\/\/uogj.edu.al\/old\/?page_id=6445"},"modified":"2024-09-23T12:27:51","modified_gmt":"2024-09-23T12:27:51","slug":"projekte-te-financuara-nga-ugj","status":"publish","type":"page","link":"http:\/\/uogj.edu.al\/old\/projekte-te-financuara-nga-ugj\/","title":{"rendered":"PROJEKTE TE FINANCUARA NGA UGJ"},"content":{"rendered":"\n<p>PROJEKTE KOMB\u00cbTARE T\u00cb FINANCUARA NGA UOGJ<\/p>\n\n\n\n<ol class=\"wp-block-list\" type=\"1\">\n<li><strong>Em\u00ebrtimi i projektit: <\/strong>Vler\u00ebsimi i incidenc\u00ebs s\u00eb osteoporoz\u00ebs n\u00eb qarkun e Gjirokastr\u00ebs dhe i faktor\u00ebve t\u00eb saj t\u00eb riskut<\/li>\n<\/ol>\n\n\n\n<p><strong>Koh\u00ebshtrirja e projektit: <\/strong>Tetor 2024 &#8211; Dhjetor 2024<\/p>\n\n\n\n<p><strong>Koordinator: <\/strong>Dr. Altin Goxharaj<\/p>\n\n\n\n<p><strong>Student\u00eb t\u00eb p\u00ebrfshir\u00eb n\u00eb projekt<\/strong>: 3 (tre)<\/p>\n\n\n\n<p><strong>Staf i p\u00ebrfshir\u00eb n\u00eb projekt: <\/strong>8 (tet\u00eb)<\/p>\n\n\n\n<Br>\n\n\n\n<ul class=\"wp-block-list\">\n<li><strong>Em\u00ebrtimi i projektit: <\/strong>Cikli i jet\u00ebs s\u00eb Rajonit t\u00eb Gjirokastr\u00ebs si nj\u00eb destinacion turistik<\/li>\n<\/ul>\n\n\n\n<p><strong>Koh\u00ebshtrirja e projektit: <\/strong>Tetor 2024 &#8211; Dhjetor 2024<\/p>\n\n\n\n<p><strong>Koordinator: <\/strong>Dr. Lutfi Gaba<\/p>\n\n\n\n<p><strong>Student\u00eb t\u00eb p\u00ebrfshir\u00eb n\u00eb projekt<\/strong>: 5 (pes\u00eb)<\/p>\n\n\n\n<p><strong>Staf i p\u00ebrfshir\u00eb n\u00eb projekt: <\/strong>8 (tet\u00eb)<\/p>\n\n\n\n<Br>\n\n\n\n<ul class=\"wp-block-list\">\n<li><strong>Em\u00ebrtimi i projektit: <\/strong>Shnd\u00ebrrimi i nj\u00eb ideje sip\u00ebrmarr\u00ebse n\u00eb plan biznesi<\/li>\n<\/ul>\n\n\n\n<p><strong>Koh\u00ebshtrirja e projektit: <\/strong>Tetor 2024 &#8211; Dhjetor 2024<\/p>\n\n\n\n<p><strong>Koordinator: <\/strong>Dr. Daniela Qiqi<\/p>\n\n\n\n<p><strong>Student\u00eb t\u00eb p\u00ebrfshir\u00eb n\u00eb projekt<\/strong>: 5 (pes\u00eb)<\/p>\n\n\n\n<p><strong>Staf i p\u00ebrfshir\u00eb n\u00eb projekt: <\/strong>6 (gjasht\u00eb)<\/p>\n\n\n\n<Br>\n\n\n\n<ul class=\"wp-block-list\">\n<li><strong>Em\u00ebrtimi i projektit: <\/strong>Ndikimi i bullizmit n\u00eb rezultatet e m\u00ebsimdh\u00ebnies\/nx\u00ebnies n\u00eb shkollat earsimit 9-vje\u00e7ar t\u00eb ZVA Gjirokast\u00ebr &#8211; Libohov\u00eb<\/li>\n<\/ul>\n\n\n\n<p><strong>Koh\u00ebshtrirja e projektit: <\/strong>Gusht 2024 &#8211; Dhjetor 2024<\/p>\n\n\n\n<p><strong>Koordinator: <\/strong>Dr. Loreta Mamani<\/p>\n\n\n\n<p><strong>Student\u00eb t\u00eb p\u00ebrfshir\u00eb n\u00eb projekt: <\/strong>6 (gjasht\u00eb)<\/p>\n\n\n\n<p><strong>Staf i p\u00ebrfshir\u00eb n\u00eb projekt: <\/strong>3 (tre)<\/p>\n\n\n\n<Br>\n\n\n\n<ul class=\"wp-block-list\">\n<li><strong>Em\u00ebrtimi i projektit: <\/strong>M\u00ebsimdh\u00ebnia dhe t\u00eb nx\u00ebn\u00ebt mb\u00ebshtetur n\u00eb situata nga realiteti ndikon pozitivisht n\u00eb p\u00ebrgatitjen p\u00ebr t\u00eb ardhmen<\/li>\n<\/ul>\n\n\n\n<p><strong>Koh\u00ebshtrirja e projektit: <\/strong>Gusht 2024 &#8211; Dhjetor 2024<\/p>\n\n\n\n<p><strong>Koordinator: <\/strong>Prof. dr. G\u00ebzim Sala <strong>Student\u00eb t\u00eb p\u00ebrfshir\u00eb n\u00eb projekt: <\/strong>2 (dy) <strong>Staf i p\u00ebrfshir\u00eb n\u00eb projekt: <\/strong>5 (pes\u00eb)<\/p>\n\n\n\n<Br>\n\n\n\n<ul class=\"wp-block-list\">\n<li><strong>Em\u00ebrtimi i projektit: <\/strong>P\u00ebrforcim i turizmit t\u00eb q\u00ebndruesh\u00ebm rajonal p\u00ebrmes p\u00ebrmir\u00ebsimit t\u00eb sh\u00ebrbimeve<\/li>\n<\/ul>\n\n\n\n<p><strong>Koh\u00ebshtrirja e projektit: <\/strong>Maj 2023 &#8211; Dhjetor 2023<\/p>\n\n\n\n<p><strong>Koordinator: <\/strong>Dr. Eduina Guga<\/p>\n\n\n\n<p><strong>Student\u00eb t\u00eb p\u00ebrfshir\u00eb n\u00eb projekt: <\/strong>15 (pes\u00ebmb\u00ebdhjet\u00eb)<\/p>\n\n\n\n<p><strong>Staf i p\u00ebrfshir\u00eb n\u00eb projekt: <\/strong>9 (n\u00ebnt\u00eb)<\/p>\n\n\n\n<Br>\n\n\n\n<ul class=\"wp-block-list\">\n<li><strong>Em\u00ebrtimi i projektit: <\/strong>Strategji p\u00ebr t\u00eb zhvilluar aft\u00ebsit\u00eb p\u00ebr edukimin e f\u00ebmij\u00ebve me aft\u00ebsi ndryshe n\u00eb Qarkun e Gjirokastr\u00ebs<\/li>\n<\/ul>\n\n\n\n<p><strong>Koh\u00ebshtrirja e projektit: <\/strong>Qershor 2023 &#8211; Tetor 2023<\/p>\n\n\n\n<p><strong>Koordinator: <\/strong>Prof. asoc. Mimoza \u00c7arka <strong>Student\u00eb t\u00eb p\u00ebrfshir\u00eb n\u00eb projekt: <\/strong>2 (dy) <strong>Staf i p\u00ebrfshir\u00eb n\u00eb projekt: <\/strong>7 (shtat\u00eb)<\/p>\n\n\n\n<Br>\n\n\n\n<ul class=\"wp-block-list\">\n<li><strong>Em\u00ebrtimi i projektit: <\/strong>Kujdesu p\u00ebr veten: m\u00eb mir\u00eb parandalim sesa kurim.<\/li>\n<\/ul>\n\n\n\n<p><strong>Koh\u00ebshtrirja e projektit: <\/strong>Shtator 2023 &#8211; Dhjetor 2023<\/p>\n\n\n\n<p><strong>Koordinatori: <\/strong>Zhenisa Gra\u00e7i<\/p>\n\n\n\n<p><strong>Student\u00eb t\u00eb p\u00ebrfshir\u00eb n\u00eb projekt: <\/strong>10 (dhjet\u00eb)<\/p>\n\n\n\n<p><strong>Staf i p\u00ebrfshir\u00eb n\u00eb projekt: <\/strong>9 (n\u00ebnt\u00eb)<\/p>\n\n\n\n<Br>\n\n\n\n<ul class=\"wp-block-list\">\n<li><strong>Em\u00ebrtimi i projektit: <\/strong>Vler\u00ebsimi, konservimi dhe plot\u00ebsimi i element\u00ebve t\u00eb biodiversitetit t\u00eb zon\u00ebs arkeologjike t\u00eb Atigones\u00eb<\/li>\n<\/ul>\n\n\n\n<p><strong>Koh\u00ebshtrirja e projektit: <\/strong>Mars 2019 \u2013 Dhjetor 2020<\/p>\n\n\n\n<p><strong>Koordinatori: <\/strong>Prof.dr. Lavdi Hasani <strong>Student\u00eb t\u00eb p\u00ebrfshir\u00eb n\u00eb projekt: <\/strong>2 (dy) <strong>Staf t\u00eb p\u00ebrfshir\u00eb n\u00eb projekt: <\/strong>8 (tet\u00eb)<\/p>\n\n\n\n<Br>\n\n\n\n<ol class=\"wp-block-list\" type=\"1\">\n<li><strong>Em\u00ebrtimi i projektit: <\/strong>Studimi taksomanik dhe mjedisor i gjeneve Stachys Centaurea dhe Solenonthus n\u00eb malet e \u00c7ajupit, Nem\u00ebr\u00e7k\u00ebs (pjesa e P\u00ebrmetit, si dhe Konispolit, Sarand\u00ebs e lumit t\u00eb Vlor\u00ebs)<\/li>\n<\/ol>\n\n\n\n<p><strong>Koh\u00ebshtrirja e projektit: <\/strong>Mars 2019 \u2013 Dhjetor 2019<\/p>\n\n\n\n<p><strong>Koordinatori: <\/strong>Prof. dr. Lavdi Hasani<\/p>\n\n\n\n<p><strong>Staf t\u00eb p\u00ebrfshir\u00eb n\u00eb projekt: <\/strong>8 (tet\u00eb)<\/p>\n\n\n\n<Br>\n\n\n\n<ol class=\"wp-block-list\" type=\"1\">\n<li><strong>Em\u00ebrtimi i projektit: <\/strong>Studimi i diet\u00ebs ushqimore t\u00eb shpend\u00ebve rr\u00ebmbyes t\u00eb nat\u00ebs Tyta Alba dhe Athens noctua n\u00eb rajonin jugor t\u00eb Shqip\u00ebris\u00eb, Prefektura Gjirokast\u00ebr dhe Vlor\u00eb<\/li>\n<\/ol>\n\n\n\n<p><strong>Koh\u00ebshtrirja e projektit: <\/strong>Mars 2019 \u2013 Dhjetor 2019<\/p>\n\n\n\n<p><strong>Koordinatori:&nbsp;&nbsp;&nbsp; <\/strong>Prof. asoc. Gligor Paspali <strong>Student\u00eb t\u00eb p\u00ebrfshir\u00eb n\u00eb projekt: <\/strong>2 (dy) <strong>Staf t\u00eb p\u00ebrfshir\u00eb n\u00eb projekt: <\/strong>3 (tre)<\/p>\n\n\n\n<Br>\n\n\n\n<ol class=\"wp-block-list\" type=\"1\">\n<li><strong>Em\u00ebrtimi i projektit: <\/strong>Menaxhimi i financimeve t\u00eb familjes baz\u00eb p\u00ebr rritjen e mir\u00ebq\u00ebnies financiare n\u00eb Gjirokast\u00ebr<\/li>\n<\/ol>\n\n\n\n<p><strong>Koh\u00ebshtrirja e projektit: <\/strong>Korrik 2018 &#8211; Shkurt 2019<\/p>\n\n\n\n<p><strong>Koordinatori: <\/strong>Dr. Belinda Meshini<\/p>\n\n\n\n<p><strong>Student\u00eb t\u00eb p\u00ebrfshir\u00eb n\u00eb projekt: <\/strong>28 (nj\u00ebzet e tet\u00eb)<\/p>\n\n\n\n<Br>\n\n\n\n<ol class=\"wp-block-list\" type=\"1\">\n<li><strong>Em\u00ebrtimi i projektit: <\/strong>Identifikimi, kategorizimi SME-ve me Bashkin\u00eb e Gjirokastr\u00ebs<\/li>\n<\/ol>\n\n\n\n<p><strong>Koh\u00ebshtrirja e projektit: <\/strong>Korrik 2018 &#8211; Mars 2019 <strong>Koordinatori: <\/strong>Prof. asoc. Ermonela Ruspi <strong>Student\u00eb t\u00eb p\u00ebrfshir\u00eb n\u00eb projekt: <\/strong>3 (tre)<\/p>\n\n\n\n<p><strong>Staf t\u00eb p\u00ebrfshir\u00eb n\u00eb projekt: <\/strong>6 (gjasht\u00eb)<\/p>\n\n\n\n<Br>\n\n\n\n<ol class=\"wp-block-list\" type=\"1\">\n<li><strong>Em\u00ebrtimi i projektit: <\/strong>Modelimi i klasave t\u00eb arsimit parauniversitar si laborator\u00eb dixhitale p\u00ebr studimin dhe gjetjen e metodave interaktive bazuar n\u00eb TIK<\/li>\n<\/ol>\n\n\n\n<p><strong>Koh\u00ebshtrirja e projektit: <\/strong>Korrik 2018 \u2013 Dhjetor 2018<\/p>\n\n\n\n<p><strong>Koordinatori: <\/strong>Prof.dr. Mimoza \u00c7arka <strong>Student\u00eb t\u00eb p\u00ebrfshir\u00eb n\u00eb projekt: <\/strong>4 (kat\u00ebr) <strong>Staf t\u00eb p\u00ebrfshir\u00eb n\u00eb projekt: <\/strong>4 (kat\u00ebr)<\/p>\n\n\n\n<Br>\n\n\n\n<ol class=\"wp-block-list\" type=\"1\">\n<li><strong>Em\u00ebrtimi i projektit: <\/strong>Zhvillimi dhe promovimi i potencialeve dhe kapaciteteve turistike n\u00eb funksion t\u00eb rritjes s\u00eb pun\u00ebsimit dhe mir\u00ebqenies n\u00eb rajonin e Jugut (Kaonia)<\/li>\n<\/ol>\n\n\n\n<p><strong>Koh\u00ebshtrirja e projektit: <\/strong>Korrik 2018 \u2013 Dhjetor 2018<\/p>\n\n\n\n<p><strong>Koordinatori: <\/strong>Dr. Robert \u00c7elo<\/p>\n\n\n\n<p><strong>Student\u00eb t\u00eb p\u00ebrfshir\u00eb n\u00eb projekt: <\/strong>20 (nj\u00ebzet)<\/p>\n\n\n\n<p><strong>Staf t\u00eb p\u00ebrfshir\u00eb n\u00eb projekt: <\/strong>9 (n\u00ebnt\u00eb)<\/p>\n\n\n\n<Br>\n\n\n\n<ol class=\"wp-block-list\" type=\"1\">\n<li><strong>Em\u00ebrtimi i projektit: <\/strong>Barrierat potenciale, t\u00eb cilat pengojn\u00eb Minoritetin Rom dhe Egjiptian n\u00eb rajonin jugor t\u00eb Shqip\u00ebris\u00eb p\u00ebr integrimin e tyre n\u00eb Arsimin e Lart\u00eb<\/li>\n<\/ol>\n\n\n\n<p><strong>Koh\u00ebshtrirja e projektit: <\/strong>Korrik 2018 \u2013 Dhjetor 2018<\/p>\n\n\n\n<p><strong>Koordinatori: <\/strong>Prof. dr. Mimoza \u00c7arka<\/p>\n\n\n\n<p><strong>Student\u00eb t\u00eb p\u00ebrfshir\u00eb n\u00eb projekt: <\/strong>4 (kat\u00ebr)<br>Staf t\u00eb p\u00ebrfshir\u00eb n\u00eb projekt: 4<\/p>\n","protected":false},"excerpt":{"rendered":"<p>PROJEKTE KOMB\u00cbTARE T\u00cb FINANCUARA NGA UOGJ Koh\u00ebshtrirja e projektit: Tetor 2024 &#8211; Dhjetor 2024 Koordinator: Dr. Altin Goxharaj Student\u00eb t\u00eb [&hellip;]<\/p>\n","protected":false},"author":3,"featured_media":0,"parent":0,"menu_order":0,"comment_status":"closed","ping_status":"closed","template":"","meta":{"_monsterinsights_skip_tracking":false,"_monsterinsights_sitenote_active":false,"_monsterinsights_sitenote_note":"","_monsterinsights_sitenote_category":0,"footnotes":""},"class_list":["post-6445","page","type-page","status-publish","hentry"],"_links":{"self":[{"href":"http:\/\/uogj.edu.al\/old\/wp-json\/wp\/v2\/pages\/6445"}],"collection":[{"href":"http:\/\/uogj.edu.al\/old\/wp-json\/wp\/v2\/pages"}],"about":[{"href":"http:\/\/uogj.edu.al\/old\/wp-json\/wp\/v2\/types\/page"}],"author":[{"embeddable":true,"href":"http:\/\/uogj.edu.al\/old\/wp-json\/wp\/v2\/users\/3"}],"replies":[{"embeddable":true,"href":"http:\/\/uogj.edu.al\/old\/wp-json\/wp\/v2\/comments?post=6445"}],"version-history":[{"count":4,"href":"http:\/\/uogj.edu.al\/old\/wp-json\/wp\/v2\/pages\/6445\/revisions"}],"predecessor-version":[{"id":6710,"href":"http:\/\/uogj.edu.al\/old\/wp-json\/wp\/v2\/pages\/6445\/revisions\/6710"}],"wp:attachment":[{"href":"http:\/\/uogj.edu.al\/old\/wp-json\/wp\/v2\/media?parent=6445"}],"curies":[{"name":"wp","href":"https:\/\/api.w.org\/{rel}","templated":true}]}}