{"id":6583,"date":"2024-02-13T12:26:46","date_gmt":"2024-02-13T12:26:46","guid":{"rendered":"https:\/\/uogj.edu.al\/old\/?page_id=6583"},"modified":"2025-06-18T12:28:31","modified_gmt":"2025-06-18T12:28:31","slug":"programet-e-ciklit-te-trete-doktorature","status":"publish","type":"page","link":"http:\/\/uogj.edu.al\/old\/programet-e-ciklit-te-trete-doktorature\/","title":{"rendered":"Program i Ciklit t\u00eb Tret\u00eb Doktoratur\u00eb 2025-2026"},"content":{"rendered":"\n<p class=\"has-medium-font-size\"><strong>Fakulteti i Edukimit dhe Shkencave Shoq\u00ebrore<\/strong>   <img loading=\"lazy\" decoding=\"async\" width=\"80\" height=\"80\" class=\"wp-image-6693\" style=\"width: 80px;\" src=\"http:\/\/uogj.edu.al\/old\/wp-content\/uploads\/2024\/09\/image.png\" alt=\"\"><\/p>\n\n\n\n<figure class=\"wp-block-table\"><table class=\"has-fixed-layout\"><tbody><tr><td><strong>Doktoratur\u00eb n\u00eb Edukim dhe Shkenca Humane<\/strong><\/td><td><img loading=\"lazy\" decoding=\"async\" width=\"80\" height=\"42\" class=\"wp-image-6286\" style=\"width: 80px;\" src=\"http:\/\/uogj.edu.al\/old\/wp-content\/uploads\/2023\/04\/image-1.png\" alt=\"\"><\/td><\/tr><\/tbody><\/table><\/figure>\n\n\n\n<p><\/p>\n","protected":false},"excerpt":{"rendered":"<p>Fakulteti i Edukimit dhe Shkencave Shoq\u00ebrore Doktoratur\u00eb n\u00eb Edukim dhe Shkenca Humane<\/p>\n","protected":false},"author":3,"featured_media":0,"parent":0,"menu_order":0,"comment_status":"closed","ping_status":"closed","template":"","meta":{"_monsterinsights_skip_tracking":false,"_monsterinsights_sitenote_active":false,"_monsterinsights_sitenote_note":"","_monsterinsights_sitenote_category":0,"footnotes":""},"class_list":["post-6583","page","type-page","status-publish","hentry"],"_links":{"self":[{"href":"http:\/\/uogj.edu.al\/old\/wp-json\/wp\/v2\/pages\/6583"}],"collection":[{"href":"http:\/\/uogj.edu.al\/old\/wp-json\/wp\/v2\/pages"}],"about":[{"href":"http:\/\/uogj.edu.al\/old\/wp-json\/wp\/v2\/types\/page"}],"author":[{"embeddable":true,"href":"http:\/\/uogj.edu.al\/old\/wp-json\/wp\/v2\/users\/3"}],"replies":[{"embeddable":true,"href":"http:\/\/uogj.edu.al\/old\/wp-json\/wp\/v2\/comments?post=6583"}],"version-history":[{"count":6,"href":"http:\/\/uogj.edu.al\/old\/wp-json\/wp\/v2\/pages\/6583\/revisions"}],"predecessor-version":[{"id":6936,"href":"http:\/\/uogj.edu.al\/old\/wp-json\/wp\/v2\/pages\/6583\/revisions\/6936"}],"wp:attachment":[{"href":"http:\/\/uogj.edu.al\/old\/wp-json\/wp\/v2\/media?parent=6583"}],"curies":[{"name":"wp","href":"https:\/\/api.w.org\/{rel}","templated":true}]}}